{"id":856,"date":"2022-07-12T22:03:34","date_gmt":"2022-07-12T22:03:34","guid":{"rendered":"https:\/\/kpitrechiro.com\/?page_id=856"},"modified":"2022-07-14T16:08:37","modified_gmt":"2022-07-14T16:08:37","slug":"les-impacts-negatifs-de-la-vibration-sur-la-sante-et-comment-les-eviter","status":"publish","type":"page","link":"https:\/\/kpitrechiro.com\/index.php\/6-infolettre\/chirotruc\/les-impacts-negatifs-de-la-vibration-sur-la-sante-et-comment-les-eviter\/","title":{"rendered":"Les impacts n\u00e9gatifs de la vibration sur la sant\u00e9 et comment les \u00e9viter"},"content":{"rendered":"\n<div class=\"wp-block-image\"><figure class=\"aligncenter size-large\"><img loading=\"lazy\" width=\"410\" height=\"468\" src=\"https:\/\/kpitrechiro.com\/wp-content\/uploads\/2022\/07\/gjkgk-edited.jpg\" alt=\"\" class=\"wp-image-866\" srcset=\"https:\/\/kpitrechiro.com\/wp-content\/uploads\/2022\/07\/gjkgk-edited.jpg 410w, https:\/\/kpitrechiro.com\/wp-content\/uploads\/2022\/07\/gjkgk-edited-263x300.jpg 263w\" sizes=\"(max-width: 410px) 100vw, 410px\" \/><\/figure><\/div>\n\n\n\n<p>L\u2019exposition aux vibrations se retrouvent dans la pratique de plusieurs m\u00e9tiers dans lesquels les travailleurs sont en contact avec de la machinerie ou des outils qui vibrent. Au Qu\u00e9bec, on estime plus de 400&nbsp;000 travailleurs qui sont expos\u00e9s r\u00e9guli\u00e8rement aux pulsations, vibrations ou aux tremblements transmis par de nombreux outils. Ces vibrations peuvent avoir des effets n\u00e9fastes sur la sant\u00e9. Nous pouvons les distinguer selon les outils qui n\u2019affectent que le bras et ceux du corps au complet.<\/p>\n\n\n\n<p>Les conditions de sant\u00e9 r\u00e9sultants des effets de la vibration progresse lentement sur de nombreuses ann\u00e9es. Normalement, cela d\u00e9bute avec de la douleur. Plus l\u2019exposition aux vibrations continue, la douleur peut progresser en des blessures ou conditions.<\/p>\n\n\n\n<p>Les outils qui vont avoir des effets n\u00e9fastes sur la r\u00e9gion du bras sont des outils tels que des scies \u00e9lectriques, des marteaux piqueurs etc\u2026 Les vibrations de ces outils vont causer des changements dans les tendons, les muscles, les os, les nerfs et les articulations de la r\u00e9gion du bras et de l\u2019\u00e9paule.<\/p>\n\n\n\n<p><strong><span style=\"text-decoration: underline;\">Des sympt\u00f4mes peuvent inclure&nbsp;:<\/span><\/strong><\/p>\n\n\n\n<ul><li>Engourdissement dans les doigts et\/ou la main<\/li><li>Perte de sensation<\/li><li>Douleur<\/li><li>Perte de force<\/li><li>Formation de kystes<\/li><li>Modification du flux sanguin<\/li><\/ul>\n\n\n\n<p><strong><span style=\"text-decoration: underline;\">Plusieurs facteurs vont venir influencer la gravit\u00e9 de ces sympt\u00f4mes. Ils incluent&nbsp;:<\/span><\/strong><\/p>\n\n\n\n<ul><li>La fr\u00e9quence et le temps de l\u2019utilisation des outils<\/li><li>La technique utilis\u00e9e<\/li><li>La force avec lequel l\u2019outil est tenu<\/li><li>La position de la main<\/li><li>Le mat\u00e9riel<\/li><li>Les conditions de sant\u00e9<\/li><li>Les habitudes de vies<\/li><li>La sensibilit\u00e9 de l\u2019individu par rapport aux vibrations<\/li><\/ul>\n\n\n\n<p>Maintenant, si nous regardons les impacts de la vibration sur le corps en entier. Ces vibrations proviennent de machinerie lourde, de camion, de plaques vibrantes etc.. <\/p>\n\n\n\n<p><strong><span style=\"text-decoration: underline;\">Les sympt\u00f4mes peuvent inclure&nbsp;:<\/span><\/strong><\/p>\n\n\n\n<ul><li>Douleurs lombaires (dommages au disques, ligament et vert\u00e8bres)<\/li><li>Sympt\u00f4mes reli\u00e9s aux maux de transports<\/li><li>Dommages osseux<\/li><li>Troubles cardiaques (modification du flux sanguin au c\u0153ur)<\/li><li>Troubles digestif, respiratoire ou endocrinien<\/li><li>Troubles d\u2019\u00e9quilibre<\/li><li>Fatigue<\/li><\/ul>\n\n\n\n<p><strong><span style=\"text-decoration: underline;\">Voici des conseils pour essayer de diminuer le plus possible les effets de la vibration&nbsp;:<\/span><\/strong><\/p>\n\n\n\n<ul><li>R\u00e9duire l\u2019intensit\u00e9 de la vibration<\/li><li>R\u00e9duire la dur\u00e9e d\u2019exposition aux vibrations<\/li><li>Reconna\u00eetre les signes et sympt\u00f4mes et consulter d\u00e8s les premiers sympt\u00f4mes<\/li><li>Choisir des outils ergonomiques<\/li><li>Ne pas tenir l\u2019outil trop fort<\/li><li>Utiliser des gants anti-vibration<\/li><li>Reposer l\u2019outil sur un support autant que possible afin de le garder le plus stable possible<\/li><li>\u00c9viter de fumer la cigarette qui a un impact sur la circulation sanguine<\/li><\/ul>\n\n\n\n<p><strong><span style=\"text-decoration: underline;\">Est-ce que la chiropratique peut aider ?<\/span><\/strong><\/p>\n\n\n\n<p>Le docteur en chiropratique est en mesure d\u2019aider avec les sympt\u00f4mes neuro-musculo-squelettique. Son plan de traitement inclura des conseils, des ajustements chiropratique ainsi que du travail musculaire. Il est important de consulter votre docteur en chiropratique d\u00e8s les premiers sympt\u00f4mes afin de s\u2019assurer que votre condition ne s\u2019aggrave pas.<\/p>\n\n\n\n<p><strong><span style=\"text-decoration: underline;\">R\u00e9f\u00e9rences&nbsp;:<\/span><\/strong><\/p>\n\n\n\n<ul><li>Yale safety guidelines. Vibrations.<\/li><li>R\u00e9seau de sant\u00e9 publique en sant\u00e9 au travail<\/li><li>Gemne, G., et al. Scandinavian Journal of Work, Environment and Health. Vol. 13, no. 4 (1987). p. 275-278. And: American Conference of Governmental Industrial Hygienists (ACGIH). 2016 TLVs\u00ae and BEIs\u00ae. p. 190-194 and 198-204.<\/li><\/ul>\n","protected":false},"excerpt":{"rendered":"<p>L\u2019exposition aux vibrations se retrouvent dans la pratique de plusieurs m\u00e9tiers dans lesquels les travailleurs sont en contact avec de la machinerie ou des outils qui vibrent. Au Qu\u00e9bec, on estime plus de 400&nbsp;000 travailleurs qui sont expos\u00e9s r\u00e9guli\u00e8rement aux pulsations, vibrations ou aux tremblements transmis par de nombreux outils. Ces vibrations peuvent avoir des [&hellip;]<\/p>\n","protected":false},"author":1,"featured_media":0,"parent":529,"menu_order":12,"comment_status":"closed","ping_status":"closed","template":"","meta":[],"yoast_head":"<!-- This site is optimized with the Yoast SEO plugin v19.5.1 - https:\/\/yoast.com\/wordpress\/plugins\/seo\/ -->\n<title>Les impacts n\u00e9gatifs de la vibration sur la sant\u00e9 et comment les \u00e9viter - Dre Kayla Pitre, chiropraticienne - Centre chiropratique de la sant\u00e9 vert\u00e9brale<\/title>\n<meta name=\"robots\" content=\"index, follow, max-snippet:-1, max-image-preview:large, max-video-preview:-1\" \/>\n<link rel=\"canonical\" href=\"https:\/\/kpitrechiro.com\/index.php\/6-infolettre\/chirotruc\/les-impacts-negatifs-de-la-vibration-sur-la-sante-et-comment-les-eviter\/\" \/>\n<meta property=\"og:locale\" content=\"fr_FR\" \/>\n<meta property=\"og:type\" content=\"article\" \/>\n<meta property=\"og:title\" content=\"Les impacts n\u00e9gatifs de la vibration sur la sant\u00e9 et comment les \u00e9viter - Dre Kayla Pitre, chiropraticienne - Centre chiropratique de la sant\u00e9 vert\u00e9brale\" \/>\n<meta property=\"og:description\" content=\"L\u2019exposition aux vibrations se retrouvent dans la pratique de plusieurs m\u00e9tiers dans lesquels les travailleurs sont en contact avec de la machinerie ou des outils qui vibrent. Au Qu\u00e9bec, on estime plus de 400&nbsp;000 travailleurs qui sont expos\u00e9s r\u00e9guli\u00e8rement aux pulsations, vibrations ou aux tremblements transmis par de nombreux outils. Ces vibrations peuvent avoir des [&hellip;]\" \/>\n<meta property=\"og:url\" content=\"https:\/\/kpitrechiro.com\/index.php\/6-infolettre\/chirotruc\/les-impacts-negatifs-de-la-vibration-sur-la-sante-et-comment-les-eviter\/\" \/>\n<meta property=\"og:site_name\" content=\"Dre Kayla Pitre, chiropraticienne - Centre chiropratique de la sant\u00e9 vert\u00e9brale\" \/>\n<meta property=\"article:modified_time\" content=\"2022-07-14T16:08:37+00:00\" \/>\n<meta property=\"og:image\" content=\"https:\/\/kpitrechiro.com\/wp-content\/uploads\/2022\/07\/gjkgk-edited.jpg\" \/>\n<meta name=\"twitter:card\" content=\"summary_large_image\" \/>\n<meta name=\"twitter:label1\" content=\"Dur\u00e9e de lecture estim\u00e9e\" \/>\n\t<meta name=\"twitter:data1\" content=\"3 minutes\" \/>\n<script type=\"application\/ld+json\" class=\"yoast-schema-graph\">{\"@context\":\"https:\/\/schema.org\",\"@graph\":[{\"@type\":\"WebPage\",\"@id\":\"https:\/\/kpitrechiro.com\/index.php\/6-infolettre\/chirotruc\/les-impacts-negatifs-de-la-vibration-sur-la-sante-et-comment-les-eviter\/\",\"url\":\"https:\/\/kpitrechiro.com\/index.php\/6-infolettre\/chirotruc\/les-impacts-negatifs-de-la-vibration-sur-la-sante-et-comment-les-eviter\/\",\"name\":\"Les impacts n\u00e9gatifs de la vibration sur la sant\u00e9 et comment les \u00e9viter - Dre Kayla Pitre, chiropraticienne - Centre chiropratique de la sant\u00e9 vert\u00e9brale\",\"isPartOf\":{\"@id\":\"https:\/\/kpitrechiro.com\/#website\"},\"datePublished\":\"2022-07-12T22:03:34+00:00\",\"dateModified\":\"2022-07-14T16:08:37+00:00\",\"breadcrumb\":{\"@id\":\"https:\/\/kpitrechiro.com\/index.php\/6-infolettre\/chirotruc\/les-impacts-negatifs-de-la-vibration-sur-la-sante-et-comment-les-eviter\/#breadcrumb\"},\"inLanguage\":\"fr-FR\",\"potentialAction\":[{\"@type\":\"ReadAction\",\"target\":[\"https:\/\/kpitrechiro.com\/index.php\/6-infolettre\/chirotruc\/les-impacts-negatifs-de-la-vibration-sur-la-sante-et-comment-les-eviter\/\"]}]},{\"@type\":\"BreadcrumbList\",\"@id\":\"https:\/\/kpitrechiro.com\/index.php\/6-infolettre\/chirotruc\/les-impacts-negatifs-de-la-vibration-sur-la-sante-et-comment-les-eviter\/#breadcrumb\",\"itemListElement\":[{\"@type\":\"ListItem\",\"position\":1,\"name\":\"Accueil\",\"item\":\"https:\/\/kpitrechiro.com\/\"},{\"@type\":\"ListItem\",\"position\":2,\"name\":\"Articles infolettre\",\"item\":\"https:\/\/kpitrechiro.com\/index.php\/6-infolettre\/\"},{\"@type\":\"ListItem\",\"position\":3,\"name\":\"Chirotruc\",\"item\":\"https:\/\/kpitrechiro.com\/index.php\/6-infolettre\/chirotruc\/\"},{\"@type\":\"ListItem\",\"position\":4,\"name\":\"Les impacts n\u00e9gatifs de la vibration sur la sant\u00e9 et comment les \u00e9viter\"}]},{\"@type\":\"WebSite\",\"@id\":\"https:\/\/kpitrechiro.com\/#website\",\"url\":\"https:\/\/kpitrechiro.com\/\",\"name\":\"Dre Kayla Pitre, chiropraticienne - Centre chiropratique de la sant\u00e9 vert\u00e9brale\",\"description\":\"Soyez la meilleure version de vous-m\u00eame !\",\"publisher\":{\"@id\":\"https:\/\/kpitrechiro.com\/#organization\"},\"potentialAction\":[{\"@type\":\"SearchAction\",\"target\":{\"@type\":\"EntryPoint\",\"urlTemplate\":\"https:\/\/kpitrechiro.com\/?s={search_term_string}\"},\"query-input\":\"required name=search_term_string\"}],\"inLanguage\":\"fr-FR\"},{\"@type\":\"Organization\",\"@id\":\"https:\/\/kpitrechiro.com\/#organization\",\"name\":\"Dre Kayla Pitre, chiropraticienne - Centre chiropratique de la sant\u00e9 vert\u00e9brale\",\"url\":\"https:\/\/kpitrechiro.com\/\",\"sameAs\":[],\"logo\":{\"@type\":\"ImageObject\",\"inLanguage\":\"fr-FR\",\"@id\":\"https:\/\/kpitrechiro.com\/#\/schema\/logo\/image\/\",\"url\":\"https:\/\/kpitrechiro.com\/wp-content\/uploads\/2020\/11\/cropped-LOGO-paint-fond-PNG-2.png\",\"contentUrl\":\"https:\/\/kpitrechiro.com\/wp-content\/uploads\/2020\/11\/cropped-LOGO-paint-fond-PNG-2.png\",\"width\":712,\"height\":606,\"caption\":\"Dre Kayla Pitre, chiropraticienne - Centre chiropratique de la sant\u00e9 vert\u00e9brale\"},\"image\":{\"@id\":\"https:\/\/kpitrechiro.com\/#\/schema\/logo\/image\/\"}}]}<\/script>\n<!-- \/ Yoast SEO plugin. -->","yoast_head_json":{"title":"Les impacts n\u00e9gatifs de la vibration sur la sant\u00e9 et comment les \u00e9viter - Dre Kayla Pitre, chiropraticienne - Centre chiropratique de la sant\u00e9 vert\u00e9brale","robots":{"index":"index","follow":"follow","max-snippet":"max-snippet:-1","max-image-preview":"max-image-preview:large","max-video-preview":"max-video-preview:-1"},"canonical":"https:\/\/kpitrechiro.com\/index.php\/6-infolettre\/chirotruc\/les-impacts-negatifs-de-la-vibration-sur-la-sante-et-comment-les-eviter\/","og_locale":"fr_FR","og_type":"article","og_title":"Les impacts n\u00e9gatifs de la vibration sur la sant\u00e9 et comment les \u00e9viter - Dre Kayla Pitre, chiropraticienne - Centre chiropratique de la sant\u00e9 vert\u00e9brale","og_description":"L\u2019exposition aux vibrations se retrouvent dans la pratique de plusieurs m\u00e9tiers dans lesquels les travailleurs sont en contact avec de la machinerie ou des outils qui vibrent. Au Qu\u00e9bec, on estime plus de 400&nbsp;000 travailleurs qui sont expos\u00e9s r\u00e9guli\u00e8rement aux pulsations, vibrations ou aux tremblements transmis par de nombreux outils. Ces vibrations peuvent avoir des [&hellip;]","og_url":"https:\/\/kpitrechiro.com\/index.php\/6-infolettre\/chirotruc\/les-impacts-negatifs-de-la-vibration-sur-la-sante-et-comment-les-eviter\/","og_site_name":"Dre Kayla Pitre, chiropraticienne - Centre chiropratique de la sant\u00e9 vert\u00e9brale","article_modified_time":"2022-07-14T16:08:37+00:00","og_image":[{"url":"https:\/\/kpitrechiro.com\/wp-content\/uploads\/2022\/07\/gjkgk-edited.jpg"}],"twitter_card":"summary_large_image","twitter_misc":{"Dur\u00e9e de lecture estim\u00e9e":"3 minutes"},"schema":{"@context":"https:\/\/schema.org","@graph":[{"@type":"WebPage","@id":"https:\/\/kpitrechiro.com\/index.php\/6-infolettre\/chirotruc\/les-impacts-negatifs-de-la-vibration-sur-la-sante-et-comment-les-eviter\/","url":"https:\/\/kpitrechiro.com\/index.php\/6-infolettre\/chirotruc\/les-impacts-negatifs-de-la-vibration-sur-la-sante-et-comment-les-eviter\/","name":"Les impacts n\u00e9gatifs de la vibration sur la sant\u00e9 et comment les \u00e9viter - Dre Kayla Pitre, chiropraticienne - Centre chiropratique de la sant\u00e9 vert\u00e9brale","isPartOf":{"@id":"https:\/\/kpitrechiro.com\/#website"},"datePublished":"2022-07-12T22:03:34+00:00","dateModified":"2022-07-14T16:08:37+00:00","breadcrumb":{"@id":"https:\/\/kpitrechiro.com\/index.php\/6-infolettre\/chirotruc\/les-impacts-negatifs-de-la-vibration-sur-la-sante-et-comment-les-eviter\/#breadcrumb"},"inLanguage":"fr-FR","potentialAction":[{"@type":"ReadAction","target":["https:\/\/kpitrechiro.com\/index.php\/6-infolettre\/chirotruc\/les-impacts-negatifs-de-la-vibration-sur-la-sante-et-comment-les-eviter\/"]}]},{"@type":"BreadcrumbList","@id":"https:\/\/kpitrechiro.com\/index.php\/6-infolettre\/chirotruc\/les-impacts-negatifs-de-la-vibration-sur-la-sante-et-comment-les-eviter\/#breadcrumb","itemListElement":[{"@type":"ListItem","position":1,"name":"Accueil","item":"https:\/\/kpitrechiro.com\/"},{"@type":"ListItem","position":2,"name":"Articles infolettre","item":"https:\/\/kpitrechiro.com\/index.php\/6-infolettre\/"},{"@type":"ListItem","position":3,"name":"Chirotruc","item":"https:\/\/kpitrechiro.com\/index.php\/6-infolettre\/chirotruc\/"},{"@type":"ListItem","position":4,"name":"Les impacts n\u00e9gatifs de la vibration sur la sant\u00e9 et comment les \u00e9viter"}]},{"@type":"WebSite","@id":"https:\/\/kpitrechiro.com\/#website","url":"https:\/\/kpitrechiro.com\/","name":"Dre Kayla Pitre, chiropraticienne - Centre chiropratique de la sant\u00e9 vert\u00e9brale","description":"Soyez la meilleure version de vous-m\u00eame !","publisher":{"@id":"https:\/\/kpitrechiro.com\/#organization"},"potentialAction":[{"@type":"SearchAction","target":{"@type":"EntryPoint","urlTemplate":"https:\/\/kpitrechiro.com\/?s={search_term_string}"},"query-input":"required name=search_term_string"}],"inLanguage":"fr-FR"},{"@type":"Organization","@id":"https:\/\/kpitrechiro.com\/#organization","name":"Dre Kayla Pitre, chiropraticienne - Centre chiropratique de la sant\u00e9 vert\u00e9brale","url":"https:\/\/kpitrechiro.com\/","sameAs":[],"logo":{"@type":"ImageObject","inLanguage":"fr-FR","@id":"https:\/\/kpitrechiro.com\/#\/schema\/logo\/image\/","url":"https:\/\/kpitrechiro.com\/wp-content\/uploads\/2020\/11\/cropped-LOGO-paint-fond-PNG-2.png","contentUrl":"https:\/\/kpitrechiro.com\/wp-content\/uploads\/2020\/11\/cropped-LOGO-paint-fond-PNG-2.png","width":712,"height":606,"caption":"Dre Kayla Pitre, chiropraticienne - Centre chiropratique de la sant\u00e9 vert\u00e9brale"},"image":{"@id":"https:\/\/kpitrechiro.com\/#\/schema\/logo\/image\/"}}]}},"_links":{"self":[{"href":"https:\/\/kpitrechiro.com\/index.php\/wp-json\/wp\/v2\/pages\/856"}],"collection":[{"href":"https:\/\/kpitrechiro.com\/index.php\/wp-json\/wp\/v2\/pages"}],"about":[{"href":"https:\/\/kpitrechiro.com\/index.php\/wp-json\/wp\/v2\/types\/page"}],"author":[{"embeddable":true,"href":"https:\/\/kpitrechiro.com\/index.php\/wp-json\/wp\/v2\/users\/1"}],"replies":[{"embeddable":true,"href":"https:\/\/kpitrechiro.com\/index.php\/wp-json\/wp\/v2\/comments?post=856"}],"version-history":[{"count":2,"href":"https:\/\/kpitrechiro.com\/index.php\/wp-json\/wp\/v2\/pages\/856\/revisions"}],"predecessor-version":[{"id":867,"href":"https:\/\/kpitrechiro.com\/index.php\/wp-json\/wp\/v2\/pages\/856\/revisions\/867"}],"up":[{"embeddable":true,"href":"https:\/\/kpitrechiro.com\/index.php\/wp-json\/wp\/v2\/pages\/529"}],"wp:attachment":[{"href":"https:\/\/kpitrechiro.com\/index.php\/wp-json\/wp\/v2\/media?parent=856"}],"curies":[{"name":"wp","href":"https:\/\/api.w.org\/{rel}","templated":true}]}}