{"id":713,"date":"2022-03-07T22:01:35","date_gmt":"2022-03-07T22:01:35","guid":{"rendered":"https:\/\/kpitrechiro.com\/?page_id=713"},"modified":"2022-05-05T20:14:06","modified_gmt":"2022-05-05T20:14:06","slug":"les-produits-menagers-toxiques-et-comment-les-remplacer","status":"publish","type":"page","link":"https:\/\/kpitrechiro.com\/index.php\/6-infolettre\/mise-en-garde-sante\/les-produits-menagers-toxiques-et-comment-les-remplacer\/","title":{"rendered":"Les produits m\u00e9nagers toxiques et comment les remplacer"},"content":{"rendered":"\n<p>Plusieurs produits de nettoyage que nous utilisons \u00e0 la maison sont des m\u00e9langes chimiques complexes qui sont utilis\u00e9s afin de faciliter l\u2019\u00e9limination de la poussi\u00e8re et de la salet\u00e9. Ils peuvent avoir des effets dangereux sur notre sant\u00e9 surtout au niveau de la peau et des poumons.<\/p>\n\n\n\n<p>Depuis quelques ann\u00e9es, il y a un nombre grandissant d\u2019\u00e9tudes scientifiques qui ont d\u00e9montr\u00e9 une association entre l\u2019utilisation de produits de nettoyage et les effets n\u00e9fastes sur le syst\u00e8me respiratoire et les maladies de la peau. Des conditions comme de l\u2019asthme et la dermatite (inflammation de la peau) ont \u00e9t\u00e9 observ\u00e9es chez les gens qui utilisent souvent ces produits comme les nettoyeurs ou les professionnels de la sant\u00e9 qui font beaucoup de d\u00e9sinfection de leurs instruments<\/p>\n\n\n\n<p>Les bouteilles de vaporisateurs (spray) lib\u00e8rent des substances chimiques sous forme de gaz et d\u2019a\u00e9rosols et peuvent \u00eatre inhal\u00e9s pendant que vous faites votre nettoyage. Ces produits chimiques agressifs et corrosifs peuvent alors causer des l\u00e9sions des tissus des voies respiratoires et que des expositions r\u00e9p\u00e9t\u00e9es aggravent encore plus ces l\u00e9sions pouvant r\u00e9sulter en des conditions de sant\u00e9. Ils peuvent aussi \u00eatre un irritant pour la peau. L\u2019exposition \u00e0 l\u2019inhalation des substances chimiques est plus \u00e9lev\u00e9e quand on utilise des vaporisateurs versus des produits liquides. C\u2019est alors que les produits de nettoyage et les d\u00e9sinfectants sont des contributeurs importants dans l\u2019exposition au produits chimiques dans notre environnement et qu\u2019il faut faire attention.<\/p>\n\n\n\n<p>Parmi les substances toxiques que nous retrouvons dans plusieurs produits de nettoyage, nous retrouvons&nbsp;: ammoniac, chlore, hypo chlorure, fragrances, \u00e9thers de glycol, phosphates, \u00e9thanolamines, ald\u00e9hydes.<\/p>\n\n\n\n<p><strong>Voici des conseils pour \u00e9viter d\u2019utiliser ces produits toxiques tout en s\u2019assurant de pouvoir bien nettoyer&nbsp;:<\/strong><\/p>\n\n\n\n<ul><li>Trouver des produits de nettoyage naturels et \u00e9cologiques<\/li><li>Confectionner vos produits de nettoyage vous-m\u00eames. Il en existe plusieurs sur internet, mais je vous en donne une ici&nbsp;:<\/li><\/ul>\n\n\n\n<ul><li><span style=\"text-decoration: underline;\">Nettoyant tout usage citron et romarin<\/span><ul><li>1 tasse de vinaigre blanc<\/li><\/ul><ul><li>1 tasse d\u2019eau<\/li><\/ul><ul><li>Zeste d\u2019un citron<\/li><\/ul><ul><li>Un brin de romarin<\/li><\/ul><\/li><\/ul>\n\n\n\n<ul><li>Combiner tous les ingr\u00e9dients ensemble dans une bouteille vaporisateur et laisser infuser quelques jours avant d\u2019utiliser.<\/li><li>Attention de ne pas utiliser sur du granite et utiliser avec pr\u00e9caution sur l\u2019acier inoxydable<\/li><\/ul>\n\n\n\n<p><\/p>\n\n\n\n<p><\/p>\n\n\n\n<p><strong>R\u00e9f\u00e9rences:<\/strong><\/p>\n\n\n\n<p>Gerster FM, Vernez D, Wild PP, Hopf NB. Hazardous substances in frequently used professional cleaning products. Int J Occup Environ Health. 2014 Jan-Mar;20(1):46-60. doi: 10.1179\/2049396713Y.0000000052. PMID: 24804339; PMCID: PMC4096065.<\/p>\n\n\n\n<p>Dumas, O., &amp; Le Moual, N. (2019). Damaging effects of household cleaning products on the lungs. Expert Review of Respiratory Medicine. doi:10.1080\/17476348.2020.1689123&nbsp;<\/p>\n\n\n\n<p>Clausen PA, Frederiksen M, Sejb\u00e6k CS, S\u00f8rli JB, Hougaard KS, Frydendall KB, Car\u00f8e TK, Flachs EM, Meyer HW, Schl\u00fcnssen V, Wolkoff P. Chemicals inhaled from spray cleaning and disinfection products and their respiratory effects. A comprehensive review. Int J Hyg Environ Health. 2020 Aug;229:113592. doi: 10.1016\/j.ijheh.2020.113592. Epub 2020 Aug 15. PMID: 32810683.<\/p>\n\n\n\n<p>De Matteis, S., Ronsmans, S., &amp; Nemery, B. (2020). Respiratory Health Effects of Exposure to Cleaning Products. Clinics in Chest Medicine, 41(4), 641\u2013650. doi:10.1016\/j.ccm.2020.08.010<\/p>\n","protected":false},"excerpt":{"rendered":"<p>Plusieurs produits de nettoyage que nous utilisons \u00e0 la maison sont des m\u00e9langes chimiques complexes qui sont utilis\u00e9s afin de faciliter l\u2019\u00e9limination de la poussi\u00e8re et de la salet\u00e9. Ils peuvent avoir des effets dangereux sur notre sant\u00e9 surtout au niveau de la peau et des poumons. Depuis quelques ann\u00e9es, il y a un nombre [&hellip;]<\/p>\n","protected":false},"author":1,"featured_media":0,"parent":546,"menu_order":0,"comment_status":"closed","ping_status":"closed","template":"","meta":[],"yoast_head":"<!-- This site is optimized with the Yoast SEO plugin v19.5.1 - https:\/\/yoast.com\/wordpress\/plugins\/seo\/ -->\n<title>Les produits m\u00e9nagers toxiques et comment les remplacer - Dre Kayla Pitre, chiropraticienne - Centre chiropratique de la sant\u00e9 vert\u00e9brale<\/title>\n<meta name=\"robots\" content=\"index, follow, max-snippet:-1, max-image-preview:large, max-video-preview:-1\" \/>\n<link rel=\"canonical\" href=\"https:\/\/kpitrechiro.com\/index.php\/6-infolettre\/mise-en-garde-sante\/les-produits-menagers-toxiques-et-comment-les-remplacer\/\" \/>\n<meta property=\"og:locale\" content=\"fr_FR\" \/>\n<meta property=\"og:type\" content=\"article\" \/>\n<meta property=\"og:title\" content=\"Les produits m\u00e9nagers toxiques et comment les remplacer - Dre Kayla Pitre, chiropraticienne - Centre chiropratique de la sant\u00e9 vert\u00e9brale\" \/>\n<meta property=\"og:description\" content=\"Plusieurs produits de nettoyage que nous utilisons \u00e0 la maison sont des m\u00e9langes chimiques complexes qui sont utilis\u00e9s afin de faciliter l\u2019\u00e9limination de la poussi\u00e8re et de la salet\u00e9. Ils peuvent avoir des effets dangereux sur notre sant\u00e9 surtout au niveau de la peau et des poumons. Depuis quelques ann\u00e9es, il y a un nombre [&hellip;]\" \/>\n<meta property=\"og:url\" content=\"https:\/\/kpitrechiro.com\/index.php\/6-infolettre\/mise-en-garde-sante\/les-produits-menagers-toxiques-et-comment-les-remplacer\/\" \/>\n<meta property=\"og:site_name\" content=\"Dre Kayla Pitre, chiropraticienne - Centre chiropratique de la sant\u00e9 vert\u00e9brale\" \/>\n<meta property=\"article:modified_time\" content=\"2022-05-05T20:14:06+00:00\" \/>\n<meta name=\"twitter:card\" content=\"summary_large_image\" \/>\n<meta name=\"twitter:label1\" content=\"Dur\u00e9e de lecture estim\u00e9e\" \/>\n\t<meta name=\"twitter:data1\" content=\"3 minutes\" \/>\n<script type=\"application\/ld+json\" class=\"yoast-schema-graph\">{\"@context\":\"https:\/\/schema.org\",\"@graph\":[{\"@type\":\"WebPage\",\"@id\":\"https:\/\/kpitrechiro.com\/index.php\/6-infolettre\/mise-en-garde-sante\/les-produits-menagers-toxiques-et-comment-les-remplacer\/\",\"url\":\"https:\/\/kpitrechiro.com\/index.php\/6-infolettre\/mise-en-garde-sante\/les-produits-menagers-toxiques-et-comment-les-remplacer\/\",\"name\":\"Les produits m\u00e9nagers toxiques et comment les remplacer - Dre Kayla Pitre, chiropraticienne - Centre chiropratique de la sant\u00e9 vert\u00e9brale\",\"isPartOf\":{\"@id\":\"https:\/\/kpitrechiro.com\/#website\"},\"datePublished\":\"2022-03-07T22:01:35+00:00\",\"dateModified\":\"2022-05-05T20:14:06+00:00\",\"breadcrumb\":{\"@id\":\"https:\/\/kpitrechiro.com\/index.php\/6-infolettre\/mise-en-garde-sante\/les-produits-menagers-toxiques-et-comment-les-remplacer\/#breadcrumb\"},\"inLanguage\":\"fr-FR\",\"potentialAction\":[{\"@type\":\"ReadAction\",\"target\":[\"https:\/\/kpitrechiro.com\/index.php\/6-infolettre\/mise-en-garde-sante\/les-produits-menagers-toxiques-et-comment-les-remplacer\/\"]}]},{\"@type\":\"BreadcrumbList\",\"@id\":\"https:\/\/kpitrechiro.com\/index.php\/6-infolettre\/mise-en-garde-sante\/les-produits-menagers-toxiques-et-comment-les-remplacer\/#breadcrumb\",\"itemListElement\":[{\"@type\":\"ListItem\",\"position\":1,\"name\":\"Accueil\",\"item\":\"https:\/\/kpitrechiro.com\/\"},{\"@type\":\"ListItem\",\"position\":2,\"name\":\"Articles infolettre\",\"item\":\"https:\/\/kpitrechiro.com\/index.php\/6-infolettre\/\"},{\"@type\":\"ListItem\",\"position\":3,\"name\":\"Mise en garde sant\u00e9\",\"item\":\"https:\/\/kpitrechiro.com\/index.php\/6-infolettre\/mise-en-garde-sante\/\"},{\"@type\":\"ListItem\",\"position\":4,\"name\":\"Les produits m\u00e9nagers toxiques et comment les remplacer\"}]},{\"@type\":\"WebSite\",\"@id\":\"https:\/\/kpitrechiro.com\/#website\",\"url\":\"https:\/\/kpitrechiro.com\/\",\"name\":\"Dre Kayla Pitre, chiropraticienne - Centre chiropratique de la sant\u00e9 vert\u00e9brale\",\"description\":\"Soyez la meilleure version de vous-m\u00eame !\",\"publisher\":{\"@id\":\"https:\/\/kpitrechiro.com\/#organization\"},\"potentialAction\":[{\"@type\":\"SearchAction\",\"target\":{\"@type\":\"EntryPoint\",\"urlTemplate\":\"https:\/\/kpitrechiro.com\/?s={search_term_string}\"},\"query-input\":\"required name=search_term_string\"}],\"inLanguage\":\"fr-FR\"},{\"@type\":\"Organization\",\"@id\":\"https:\/\/kpitrechiro.com\/#organization\",\"name\":\"Dre Kayla Pitre, chiropraticienne - Centre chiropratique de la sant\u00e9 vert\u00e9brale\",\"url\":\"https:\/\/kpitrechiro.com\/\",\"sameAs\":[],\"logo\":{\"@type\":\"ImageObject\",\"inLanguage\":\"fr-FR\",\"@id\":\"https:\/\/kpitrechiro.com\/#\/schema\/logo\/image\/\",\"url\":\"https:\/\/kpitrechiro.com\/wp-content\/uploads\/2020\/11\/cropped-LOGO-paint-fond-PNG-2.png\",\"contentUrl\":\"https:\/\/kpitrechiro.com\/wp-content\/uploads\/2020\/11\/cropped-LOGO-paint-fond-PNG-2.png\",\"width\":712,\"height\":606,\"caption\":\"Dre Kayla Pitre, chiropraticienne - Centre chiropratique de la sant\u00e9 vert\u00e9brale\"},\"image\":{\"@id\":\"https:\/\/kpitrechiro.com\/#\/schema\/logo\/image\/\"}}]}<\/script>\n<!-- \/ Yoast SEO plugin. -->","yoast_head_json":{"title":"Les produits m\u00e9nagers toxiques et comment les remplacer - Dre Kayla Pitre, chiropraticienne - Centre chiropratique de la sant\u00e9 vert\u00e9brale","robots":{"index":"index","follow":"follow","max-snippet":"max-snippet:-1","max-image-preview":"max-image-preview:large","max-video-preview":"max-video-preview:-1"},"canonical":"https:\/\/kpitrechiro.com\/index.php\/6-infolettre\/mise-en-garde-sante\/les-produits-menagers-toxiques-et-comment-les-remplacer\/","og_locale":"fr_FR","og_type":"article","og_title":"Les produits m\u00e9nagers toxiques et comment les remplacer - Dre Kayla Pitre, chiropraticienne - Centre chiropratique de la sant\u00e9 vert\u00e9brale","og_description":"Plusieurs produits de nettoyage que nous utilisons \u00e0 la maison sont des m\u00e9langes chimiques complexes qui sont utilis\u00e9s afin de faciliter l\u2019\u00e9limination de la poussi\u00e8re et de la salet\u00e9. Ils peuvent avoir des effets dangereux sur notre sant\u00e9 surtout au niveau de la peau et des poumons. Depuis quelques ann\u00e9es, il y a un nombre [&hellip;]","og_url":"https:\/\/kpitrechiro.com\/index.php\/6-infolettre\/mise-en-garde-sante\/les-produits-menagers-toxiques-et-comment-les-remplacer\/","og_site_name":"Dre Kayla Pitre, chiropraticienne - Centre chiropratique de la sant\u00e9 vert\u00e9brale","article_modified_time":"2022-05-05T20:14:06+00:00","twitter_card":"summary_large_image","twitter_misc":{"Dur\u00e9e de lecture estim\u00e9e":"3 minutes"},"schema":{"@context":"https:\/\/schema.org","@graph":[{"@type":"WebPage","@id":"https:\/\/kpitrechiro.com\/index.php\/6-infolettre\/mise-en-garde-sante\/les-produits-menagers-toxiques-et-comment-les-remplacer\/","url":"https:\/\/kpitrechiro.com\/index.php\/6-infolettre\/mise-en-garde-sante\/les-produits-menagers-toxiques-et-comment-les-remplacer\/","name":"Les produits m\u00e9nagers toxiques et comment les remplacer - Dre Kayla Pitre, chiropraticienne - Centre chiropratique de la sant\u00e9 vert\u00e9brale","isPartOf":{"@id":"https:\/\/kpitrechiro.com\/#website"},"datePublished":"2022-03-07T22:01:35+00:00","dateModified":"2022-05-05T20:14:06+00:00","breadcrumb":{"@id":"https:\/\/kpitrechiro.com\/index.php\/6-infolettre\/mise-en-garde-sante\/les-produits-menagers-toxiques-et-comment-les-remplacer\/#breadcrumb"},"inLanguage":"fr-FR","potentialAction":[{"@type":"ReadAction","target":["https:\/\/kpitrechiro.com\/index.php\/6-infolettre\/mise-en-garde-sante\/les-produits-menagers-toxiques-et-comment-les-remplacer\/"]}]},{"@type":"BreadcrumbList","@id":"https:\/\/kpitrechiro.com\/index.php\/6-infolettre\/mise-en-garde-sante\/les-produits-menagers-toxiques-et-comment-les-remplacer\/#breadcrumb","itemListElement":[{"@type":"ListItem","position":1,"name":"Accueil","item":"https:\/\/kpitrechiro.com\/"},{"@type":"ListItem","position":2,"name":"Articles infolettre","item":"https:\/\/kpitrechiro.com\/index.php\/6-infolettre\/"},{"@type":"ListItem","position":3,"name":"Mise en garde sant\u00e9","item":"https:\/\/kpitrechiro.com\/index.php\/6-infolettre\/mise-en-garde-sante\/"},{"@type":"ListItem","position":4,"name":"Les produits m\u00e9nagers toxiques et comment les remplacer"}]},{"@type":"WebSite","@id":"https:\/\/kpitrechiro.com\/#website","url":"https:\/\/kpitrechiro.com\/","name":"Dre Kayla Pitre, chiropraticienne - Centre chiropratique de la sant\u00e9 vert\u00e9brale","description":"Soyez la meilleure version de vous-m\u00eame !","publisher":{"@id":"https:\/\/kpitrechiro.com\/#organization"},"potentialAction":[{"@type":"SearchAction","target":{"@type":"EntryPoint","urlTemplate":"https:\/\/kpitrechiro.com\/?s={search_term_string}"},"query-input":"required name=search_term_string"}],"inLanguage":"fr-FR"},{"@type":"Organization","@id":"https:\/\/kpitrechiro.com\/#organization","name":"Dre Kayla Pitre, chiropraticienne - Centre chiropratique de la sant\u00e9 vert\u00e9brale","url":"https:\/\/kpitrechiro.com\/","sameAs":[],"logo":{"@type":"ImageObject","inLanguage":"fr-FR","@id":"https:\/\/kpitrechiro.com\/#\/schema\/logo\/image\/","url":"https:\/\/kpitrechiro.com\/wp-content\/uploads\/2020\/11\/cropped-LOGO-paint-fond-PNG-2.png","contentUrl":"https:\/\/kpitrechiro.com\/wp-content\/uploads\/2020\/11\/cropped-LOGO-paint-fond-PNG-2.png","width":712,"height":606,"caption":"Dre Kayla Pitre, chiropraticienne - Centre chiropratique de la sant\u00e9 vert\u00e9brale"},"image":{"@id":"https:\/\/kpitrechiro.com\/#\/schema\/logo\/image\/"}}]}},"_links":{"self":[{"href":"https:\/\/kpitrechiro.com\/index.php\/wp-json\/wp\/v2\/pages\/713"}],"collection":[{"href":"https:\/\/kpitrechiro.com\/index.php\/wp-json\/wp\/v2\/pages"}],"about":[{"href":"https:\/\/kpitrechiro.com\/index.php\/wp-json\/wp\/v2\/types\/page"}],"author":[{"embeddable":true,"href":"https:\/\/kpitrechiro.com\/index.php\/wp-json\/wp\/v2\/users\/1"}],"replies":[{"embeddable":true,"href":"https:\/\/kpitrechiro.com\/index.php\/wp-json\/wp\/v2\/comments?post=713"}],"version-history":[{"count":2,"href":"https:\/\/kpitrechiro.com\/index.php\/wp-json\/wp\/v2\/pages\/713\/revisions"}],"predecessor-version":[{"id":811,"href":"https:\/\/kpitrechiro.com\/index.php\/wp-json\/wp\/v2\/pages\/713\/revisions\/811"}],"up":[{"embeddable":true,"href":"https:\/\/kpitrechiro.com\/index.php\/wp-json\/wp\/v2\/pages\/546"}],"wp:attachment":[{"href":"https:\/\/kpitrechiro.com\/index.php\/wp-json\/wp\/v2\/media?parent=713"}],"curies":[{"name":"wp","href":"https:\/\/api.w.org\/{rel}","templated":true}]}}