{"id":647,"date":"2021-10-25T19:04:11","date_gmt":"2021-10-25T19:04:11","guid":{"rendered":"https:\/\/kpitrechiro.com\/?page_id=647"},"modified":"2022-05-05T20:12:18","modified_gmt":"2022-05-05T20:12:18","slug":"larthrose-vs-larthrite","status":"publish","type":"page","link":"https:\/\/kpitrechiro.com\/index.php\/6-infolettre\/condition-traitees\/larthrose-vs-larthrite\/","title":{"rendered":"L&rsquo;arthrose VS l&rsquo;arthrite"},"content":{"rendered":"\n<p>L\u2019arthrose et l\u2019arthrite sont deux conditions tr\u00e8s souvent confondues. Pourtant, ce sont deux conditions tr\u00e8s diff\u00e9rentes et c\u2019est pour cette raison que je voulais vous aider \u00e0 les d\u00e9mystifier.<\/p>\n\n\n\n<p>Le pr\u00e9fixe \u00abarth\u00bb signifie articulation et donc dans ces deux conditions, ce sont les articulations qui sont affect\u00e9es. En m\u00e9decine, le suffixe \u00abose\u00bb signifie un \u00e9tat non inflammatoire, par exemple arthrose, cirrhose, endom\u00e9triose et le suffixe \u00abite\u00bb signifie un \u00e9tat inflammatoire ; \u00abarthrite\u00bb (inflammation des articulations), \u00absinusite\u00bb (inflammation des sinus), \u00abgingivite\u00bb (inflammation des gencives)..<\/p>\n\n\n\n<p>L\u2019<strong><em>arthrose<\/em><\/strong> est une condition dite d\u00e9g\u00e9n\u00e9rative et donc une usure graduelle des articulations. La d\u00e9g\u00e9n\u00e9rescence des articulations se traduit par une destruction plus ou moins rapide du cartilage qui est remplac\u00e9 par de l\u2019os. Le vieillissement est le facteur de risque le plus grand d\u2019arthrose, mais d\u2019autres facteurs peuvent causer de l\u2019arthrose pr\u00e9matur\u00e9 tel que des mauvaises postures, des accidents.<\/p>\n\n\n\n<p>De son c\u00f4t\u00e9, l\u2019<strong><em>arthrite<\/em><\/strong> est une condition inflammatoire.&nbsp;\u00c0 long terme, les diff\u00e9rentes substances s\u00e9cr\u00e9t\u00e9es d\u00e9truisent graduellement les diff\u00e9rentes structures de l\u2019articulation. Il y a plusieurs causes&nbsp;: infectieuse, g\u00e9n\u00e9tique ou m\u00e9tabolique.<\/p>\n\n\n\n<p>Voici un tableau facilitant leurs diff\u00e9rences<\/p>\n\n\n\n<figure class=\"wp-block-table\"><table><tbody><tr><td>&nbsp;<\/td><td><strong>Arthrose<\/strong><\/td><td><strong>Arthrite<\/strong><\/td><\/tr><tr><td><strong>Inflammation<\/strong><\/td><td>Non<\/td><td>Oui<\/td><\/tr><tr><td><strong>Os<\/strong><\/td><td>Formation<\/td><td>Destruction<\/td><\/tr><tr><td><strong>Sympt\u00f4mes<\/strong><\/td><td>\u25a1 Douleur <br>\u25a1 Raideur matinale de moins de 30 minutes <br>\u25a1 Douleur aggrav\u00e9e par l\u2019activit\u00e9<br> \u25a1 Douleur soulag\u00e9e par le repos <br>\u25a1 Diminution de la mobilit\u00e9 <br>\u25a1 Possible cr\u00e9pitements<\/td><td>\u25a1 Douleur <br>\u25a1 Raideur matinale de plus de 1 heure <br>\u25a1 Douleur aggrav\u00e9e par le repos <br>\u25a1 Douleur soulag\u00e9e par l\u2019activit\u00e9 <br>\u25a1 Diminution de la mobilit\u00e9<\/td><\/tr><tr><td><strong>Causes<\/strong><\/td><td>Vieillissement Blessures\/accident Mauvaise posture<\/td><td>Infection G\u00e9n\u00e9tique M\u00e9tabolique<\/td><\/tr><tr><td><strong>Peut \u00eatre trait\u00e9 en chiropratique&nbsp;?<\/strong><\/td><td>Oui, pour soulager les sympt\u00f4mes<\/td><td>Oui, pour soulager les sympt\u00f4mes<\/td><\/tr><\/tbody><\/table><\/figure>\n","protected":false},"excerpt":{"rendered":"<p>L\u2019arthrose et l\u2019arthrite sont deux conditions tr\u00e8s souvent confondues. Pourtant, ce sont deux conditions tr\u00e8s diff\u00e9rentes et c\u2019est pour cette raison que je voulais vous aider \u00e0 les d\u00e9mystifier. Le pr\u00e9fixe \u00abarth\u00bb signifie articulation et donc dans ces deux conditions, ce sont les articulations qui sont affect\u00e9es. En m\u00e9decine, le suffixe \u00abose\u00bb signifie un \u00e9tat [&hellip;]<\/p>\n","protected":false},"author":1,"featured_media":0,"parent":531,"menu_order":0,"comment_status":"closed","ping_status":"closed","template":"","meta":[],"yoast_head":"<!-- This site is optimized with the Yoast SEO plugin v19.5.1 - https:\/\/yoast.com\/wordpress\/plugins\/seo\/ -->\n<title>L&#039;arthrose VS l&#039;arthrite - Dre Kayla Pitre, chiropraticienne - Centre chiropratique de la sant\u00e9 vert\u00e9brale<\/title>\n<meta name=\"robots\" content=\"index, follow, max-snippet:-1, max-image-preview:large, max-video-preview:-1\" \/>\n<link rel=\"canonical\" href=\"https:\/\/kpitrechiro.com\/index.php\/6-infolettre\/condition-traitees\/larthrose-vs-larthrite\/\" \/>\n<meta property=\"og:locale\" content=\"fr_FR\" \/>\n<meta property=\"og:type\" content=\"article\" \/>\n<meta property=\"og:title\" content=\"L&#039;arthrose VS l&#039;arthrite - Dre Kayla Pitre, chiropraticienne - Centre chiropratique de la sant\u00e9 vert\u00e9brale\" \/>\n<meta property=\"og:description\" content=\"L\u2019arthrose et l\u2019arthrite sont deux conditions tr\u00e8s souvent confondues. Pourtant, ce sont deux conditions tr\u00e8s diff\u00e9rentes et c\u2019est pour cette raison que je voulais vous aider \u00e0 les d\u00e9mystifier. Le pr\u00e9fixe \u00abarth\u00bb signifie articulation et donc dans ces deux conditions, ce sont les articulations qui sont affect\u00e9es. En m\u00e9decine, le suffixe \u00abose\u00bb signifie un \u00e9tat [&hellip;]\" \/>\n<meta property=\"og:url\" content=\"https:\/\/kpitrechiro.com\/index.php\/6-infolettre\/condition-traitees\/larthrose-vs-larthrite\/\" \/>\n<meta property=\"og:site_name\" content=\"Dre Kayla Pitre, chiropraticienne - Centre chiropratique de la sant\u00e9 vert\u00e9brale\" \/>\n<meta property=\"article:modified_time\" content=\"2022-05-05T20:12:18+00:00\" \/>\n<meta name=\"twitter:card\" content=\"summary_large_image\" \/>\n<meta name=\"twitter:label1\" content=\"Dur\u00e9e de lecture estim\u00e9e\" \/>\n\t<meta name=\"twitter:data1\" content=\"1 minute\" \/>\n<script type=\"application\/ld+json\" class=\"yoast-schema-graph\">{\"@context\":\"https:\/\/schema.org\",\"@graph\":[{\"@type\":\"WebPage\",\"@id\":\"https:\/\/kpitrechiro.com\/index.php\/6-infolettre\/condition-traitees\/larthrose-vs-larthrite\/\",\"url\":\"https:\/\/kpitrechiro.com\/index.php\/6-infolettre\/condition-traitees\/larthrose-vs-larthrite\/\",\"name\":\"L'arthrose VS l'arthrite - Dre Kayla Pitre, chiropraticienne - Centre chiropratique de la sant\u00e9 vert\u00e9brale\",\"isPartOf\":{\"@id\":\"https:\/\/kpitrechiro.com\/#website\"},\"datePublished\":\"2021-10-25T19:04:11+00:00\",\"dateModified\":\"2022-05-05T20:12:18+00:00\",\"breadcrumb\":{\"@id\":\"https:\/\/kpitrechiro.com\/index.php\/6-infolettre\/condition-traitees\/larthrose-vs-larthrite\/#breadcrumb\"},\"inLanguage\":\"fr-FR\",\"potentialAction\":[{\"@type\":\"ReadAction\",\"target\":[\"https:\/\/kpitrechiro.com\/index.php\/6-infolettre\/condition-traitees\/larthrose-vs-larthrite\/\"]}]},{\"@type\":\"BreadcrumbList\",\"@id\":\"https:\/\/kpitrechiro.com\/index.php\/6-infolettre\/condition-traitees\/larthrose-vs-larthrite\/#breadcrumb\",\"itemListElement\":[{\"@type\":\"ListItem\",\"position\":1,\"name\":\"Accueil\",\"item\":\"https:\/\/kpitrechiro.com\/\"},{\"@type\":\"ListItem\",\"position\":2,\"name\":\"Articles infolettre\",\"item\":\"https:\/\/kpitrechiro.com\/index.php\/6-infolettre\/\"},{\"@type\":\"ListItem\",\"position\":3,\"name\":\"Condition trait\u00e9es\",\"item\":\"https:\/\/kpitrechiro.com\/index.php\/6-infolettre\/condition-traitees\/\"},{\"@type\":\"ListItem\",\"position\":4,\"name\":\"L&rsquo;arthrose VS l&rsquo;arthrite\"}]},{\"@type\":\"WebSite\",\"@id\":\"https:\/\/kpitrechiro.com\/#website\",\"url\":\"https:\/\/kpitrechiro.com\/\",\"name\":\"Dre Kayla Pitre, chiropraticienne - Centre chiropratique de la sant\u00e9 vert\u00e9brale\",\"description\":\"Soyez la meilleure version de vous-m\u00eame !\",\"publisher\":{\"@id\":\"https:\/\/kpitrechiro.com\/#organization\"},\"potentialAction\":[{\"@type\":\"SearchAction\",\"target\":{\"@type\":\"EntryPoint\",\"urlTemplate\":\"https:\/\/kpitrechiro.com\/?s={search_term_string}\"},\"query-input\":\"required name=search_term_string\"}],\"inLanguage\":\"fr-FR\"},{\"@type\":\"Organization\",\"@id\":\"https:\/\/kpitrechiro.com\/#organization\",\"name\":\"Dre Kayla Pitre, chiropraticienne - Centre chiropratique de la sant\u00e9 vert\u00e9brale\",\"url\":\"https:\/\/kpitrechiro.com\/\",\"sameAs\":[],\"logo\":{\"@type\":\"ImageObject\",\"inLanguage\":\"fr-FR\",\"@id\":\"https:\/\/kpitrechiro.com\/#\/schema\/logo\/image\/\",\"url\":\"https:\/\/kpitrechiro.com\/wp-content\/uploads\/2020\/11\/cropped-LOGO-paint-fond-PNG-2.png\",\"contentUrl\":\"https:\/\/kpitrechiro.com\/wp-content\/uploads\/2020\/11\/cropped-LOGO-paint-fond-PNG-2.png\",\"width\":712,\"height\":606,\"caption\":\"Dre Kayla Pitre, chiropraticienne - Centre chiropratique de la sant\u00e9 vert\u00e9brale\"},\"image\":{\"@id\":\"https:\/\/kpitrechiro.com\/#\/schema\/logo\/image\/\"}}]}<\/script>\n<!-- \/ Yoast SEO plugin. -->","yoast_head_json":{"title":"L'arthrose VS l'arthrite - Dre Kayla Pitre, chiropraticienne - Centre chiropratique de la sant\u00e9 vert\u00e9brale","robots":{"index":"index","follow":"follow","max-snippet":"max-snippet:-1","max-image-preview":"max-image-preview:large","max-video-preview":"max-video-preview:-1"},"canonical":"https:\/\/kpitrechiro.com\/index.php\/6-infolettre\/condition-traitees\/larthrose-vs-larthrite\/","og_locale":"fr_FR","og_type":"article","og_title":"L'arthrose VS l'arthrite - Dre Kayla Pitre, chiropraticienne - Centre chiropratique de la sant\u00e9 vert\u00e9brale","og_description":"L\u2019arthrose et l\u2019arthrite sont deux conditions tr\u00e8s souvent confondues. Pourtant, ce sont deux conditions tr\u00e8s diff\u00e9rentes et c\u2019est pour cette raison que je voulais vous aider \u00e0 les d\u00e9mystifier. Le pr\u00e9fixe \u00abarth\u00bb signifie articulation et donc dans ces deux conditions, ce sont les articulations qui sont affect\u00e9es. En m\u00e9decine, le suffixe \u00abose\u00bb signifie un \u00e9tat [&hellip;]","og_url":"https:\/\/kpitrechiro.com\/index.php\/6-infolettre\/condition-traitees\/larthrose-vs-larthrite\/","og_site_name":"Dre Kayla Pitre, chiropraticienne - Centre chiropratique de la sant\u00e9 vert\u00e9brale","article_modified_time":"2022-05-05T20:12:18+00:00","twitter_card":"summary_large_image","twitter_misc":{"Dur\u00e9e de lecture estim\u00e9e":"1 minute"},"schema":{"@context":"https:\/\/schema.org","@graph":[{"@type":"WebPage","@id":"https:\/\/kpitrechiro.com\/index.php\/6-infolettre\/condition-traitees\/larthrose-vs-larthrite\/","url":"https:\/\/kpitrechiro.com\/index.php\/6-infolettre\/condition-traitees\/larthrose-vs-larthrite\/","name":"L'arthrose VS l'arthrite - Dre Kayla Pitre, chiropraticienne - Centre chiropratique de la sant\u00e9 vert\u00e9brale","isPartOf":{"@id":"https:\/\/kpitrechiro.com\/#website"},"datePublished":"2021-10-25T19:04:11+00:00","dateModified":"2022-05-05T20:12:18+00:00","breadcrumb":{"@id":"https:\/\/kpitrechiro.com\/index.php\/6-infolettre\/condition-traitees\/larthrose-vs-larthrite\/#breadcrumb"},"inLanguage":"fr-FR","potentialAction":[{"@type":"ReadAction","target":["https:\/\/kpitrechiro.com\/index.php\/6-infolettre\/condition-traitees\/larthrose-vs-larthrite\/"]}]},{"@type":"BreadcrumbList","@id":"https:\/\/kpitrechiro.com\/index.php\/6-infolettre\/condition-traitees\/larthrose-vs-larthrite\/#breadcrumb","itemListElement":[{"@type":"ListItem","position":1,"name":"Accueil","item":"https:\/\/kpitrechiro.com\/"},{"@type":"ListItem","position":2,"name":"Articles infolettre","item":"https:\/\/kpitrechiro.com\/index.php\/6-infolettre\/"},{"@type":"ListItem","position":3,"name":"Condition trait\u00e9es","item":"https:\/\/kpitrechiro.com\/index.php\/6-infolettre\/condition-traitees\/"},{"@type":"ListItem","position":4,"name":"L&rsquo;arthrose VS l&rsquo;arthrite"}]},{"@type":"WebSite","@id":"https:\/\/kpitrechiro.com\/#website","url":"https:\/\/kpitrechiro.com\/","name":"Dre Kayla Pitre, chiropraticienne - Centre chiropratique de la sant\u00e9 vert\u00e9brale","description":"Soyez la meilleure version de vous-m\u00eame !","publisher":{"@id":"https:\/\/kpitrechiro.com\/#organization"},"potentialAction":[{"@type":"SearchAction","target":{"@type":"EntryPoint","urlTemplate":"https:\/\/kpitrechiro.com\/?s={search_term_string}"},"query-input":"required name=search_term_string"}],"inLanguage":"fr-FR"},{"@type":"Organization","@id":"https:\/\/kpitrechiro.com\/#organization","name":"Dre Kayla Pitre, chiropraticienne - Centre chiropratique de la sant\u00e9 vert\u00e9brale","url":"https:\/\/kpitrechiro.com\/","sameAs":[],"logo":{"@type":"ImageObject","inLanguage":"fr-FR","@id":"https:\/\/kpitrechiro.com\/#\/schema\/logo\/image\/","url":"https:\/\/kpitrechiro.com\/wp-content\/uploads\/2020\/11\/cropped-LOGO-paint-fond-PNG-2.png","contentUrl":"https:\/\/kpitrechiro.com\/wp-content\/uploads\/2020\/11\/cropped-LOGO-paint-fond-PNG-2.png","width":712,"height":606,"caption":"Dre Kayla Pitre, chiropraticienne - Centre chiropratique de la sant\u00e9 vert\u00e9brale"},"image":{"@id":"https:\/\/kpitrechiro.com\/#\/schema\/logo\/image\/"}}]}},"_links":{"self":[{"href":"https:\/\/kpitrechiro.com\/index.php\/wp-json\/wp\/v2\/pages\/647"}],"collection":[{"href":"https:\/\/kpitrechiro.com\/index.php\/wp-json\/wp\/v2\/pages"}],"about":[{"href":"https:\/\/kpitrechiro.com\/index.php\/wp-json\/wp\/v2\/types\/page"}],"author":[{"embeddable":true,"href":"https:\/\/kpitrechiro.com\/index.php\/wp-json\/wp\/v2\/users\/1"}],"replies":[{"embeddable":true,"href":"https:\/\/kpitrechiro.com\/index.php\/wp-json\/wp\/v2\/comments?post=647"}],"version-history":[{"count":2,"href":"https:\/\/kpitrechiro.com\/index.php\/wp-json\/wp\/v2\/pages\/647\/revisions"}],"predecessor-version":[{"id":804,"href":"https:\/\/kpitrechiro.com\/index.php\/wp-json\/wp\/v2\/pages\/647\/revisions\/804"}],"up":[{"embeddable":true,"href":"https:\/\/kpitrechiro.com\/index.php\/wp-json\/wp\/v2\/pages\/531"}],"wp:attachment":[{"href":"https:\/\/kpitrechiro.com\/index.php\/wp-json\/wp\/v2\/media?parent=647"}],"curies":[{"name":"wp","href":"https:\/\/api.w.org\/{rel}","templated":true}]}}