{"id":518,"date":"2021-07-15T17:45:45","date_gmt":"2021-07-15T17:45:45","guid":{"rendered":"https:\/\/kpitrechiro.com\/?page_id=518"},"modified":"2024-01-22T20:05:49","modified_gmt":"2024-01-22T20:05:49","slug":"6-temoignages","status":"publish","type":"page","link":"https:\/\/kpitrechiro.com\/index.php\/6-temoignages\/","title":{"rendered":"T\u00e9moignages"},"content":{"rendered":"\n<h5><em>\u00abJe n\u2019arrivais plus \u00e0 appr\u00e9cier les moments simples de la vie\u00bb<\/em><\/h5>\n\n\n\n<p>Depuis que j\u2019ai commenc\u00e9 la chiro avec la Dr Pitre, ma vie a profond\u00e9ment chang\u00e9e.<\/p>\n\n\n\n<p>J\u2019ai \u00e0 nouveau confiance en moi, car j\u2019ai enfin une posture adapt\u00e9e.<\/p>\n\n\n\n<p>Je suis \u00e9galement pleine d\u2019\u00e9nergie et de bonne humeur. Auparavant, la douleur \u00e9tait tellement intense que je n\u2019arrivais plus \u00e0 appr\u00e9cier les moments simples de la vie.<\/p>\n\n\n\n<p>J\u2019adresse mes sinc\u00e8res remerciements au Dr Pitre pour sa gentillesse, sa patience et ses habilit\u00e9s incroyables.<\/p>\n\n\n\n<p>Si vous h\u00e9sitez encore \u00e0 consulter, lancez-vous ! La Dr Pitre saura vous accompagner comme il se doit vers le chemin de la gu\u00e9rison et du bien-\u00eatre .<\/p>\n\n\n\n<p class=\"has-text-align-right\">&#8211; Jasmine<\/p>\n\n\n\n<hr class=\"wp-block-separator has-css-opacity is-style-dots\"\/>\n\n\n\n<h5><em>\u00abElle prend le temps d&rsquo;\u00e9couter.\u00bb<\/em><\/h5>\n\n\n\n<p>D\u00e8s la premi\u00e8re fois, elle m\u2019as mis en confiance. Elle prend le temps d\u2019\u00e9couter et d\u2019expliquer ainsi que de vous montrer ce que la colonne normale devrait ressembler. Ensuite vous montre ce que votre colonne ressemble et ce qui doit \u00eatre corriger. Merci Dre Kayla Pitre !<\/p>\n\n\n\n<p class=\"has-text-align-right\">Mme S.M.<\/p>\n\n\n\n<hr class=\"wp-block-separator has-css-opacity is-style-dots\"\/>\n\n\n\n<h5><em>\u00abJe vois une grosse diff\u00e9rence dans mon corps.\u00bb<\/em><\/h5>\n\n\n\n<p>Avant de commencer la chiropratique, j\u2019avais des douleurs au bas du dos durant des marches, j\u2019avais mal au cou et j\u2019avais aussi remarqu\u00e9e que ma posture n\u2019\u00e9tait pas bonne. J\u2019ai faite beaucoup de massoth\u00e9rapies et j\u2019avais une mauvaise habitude de craquer mon cou par contre, cela me donnait seulement des soulagements temporaires.<\/p>\n\n\n\n<p>Apr\u00e8s avoir \u00e9t\u00e9 r\u00e9f\u00e9rer par ma famille qui viennent ici depuis des ann\u00e9es, j\u2019ai d\u00e9cid\u00e9e d\u2019essayer ce centre. Ma premi\u00e8re visite avec Dre Pitre \u00e9tait formidable. Elle a pris sont temps \u00e7 tout m\u2019expliquer ainsi que les m\u00e9thodes qu\u2019elle va utiliser pour m\u2019aider. Elle est vraiment passionn\u00e9e et a beaucoup de connaissances en chiropratique. Elle donne aussi des outils et des exercices qu\u2019on peut faire pour am\u00e9liorer nos douleurs. Dre Pitre est toujours \u00e0 l\u2019\u00e9coute et a m\u00eame pris la peine de m\u2019aider avec ma congestion ou v\u00e9rifier mon bras apr\u00e8s un accident.<\/p>\n\n\n\n<p>Apr\u00e8s \u00e0 peine quelque visite d\u2019ajustements, j\u2019ai plus mal \u00e0 mon dos, ma posture est rendue beaucoup mieux et mon cou a \u00e9norm\u00e9ment am\u00e9liorer. Tellement que \u00e7a la arriver vite j\u2019avais compl\u00e8tement oubli\u00e9e les douleurs que je resentais. Apr\u00e8s moins de deux moins de visites, je sens et vois une grosse diff\u00e9rence dans mon corps. Je suis vraiment contente d\u2019\u00eatre venue \u00e0 ce centre de chiropratique et je le recommande \u00e0 tout le monde !&nbsp;\ud83d\ude0a<\/p>\n\n\n\n<p class=\"has-text-align-right\">Maha M.<\/p>\n\n\n\n<hr class=\"wp-block-separator has-css-opacity is-style-dots\"\/>\n\n\n\n<h5><em>\u00abSa priorit\u00e9, notre bien-\u00eatre. L&rsquo;essayer, c&rsquo;est l&rsquo;adopter!\u00bb<\/em><\/h5>\n\n\n\n<p>Dre Kayla Pitre, chiropraticienne, D.C. ou Kayla pour les intimes. Cette gentille personne qualifi\u00e9e est \u00e0 l&rsquo;\u00e9coute de nos petits et grands malaises. Elle est empathique et travaille avec une attitude bienveillante. Elle ne nous l\u00e2che pas avant d&rsquo;avoir fait tout le tour de nos demandes. Sa priorit\u00e9, notre bien-\u00eatre. L&rsquo;essayer, c&rsquo;est l&rsquo;adopter!<\/p>\n\n\n\n<p class=\"has-text-align-right\">Mme B.<\/p>\n\n\n\n<hr class=\"wp-block-separator has-css-opacity is-style-dots\"\/>\n\n\n\n<h5><em>\u00abEmpathie et une belle \u00e9coute\u00bb<\/em><\/h5>\n\n\n\n<p>J\u2019ai eu ma premi\u00e8re rencontre avec Dre Kayla Pitre. Elle a su avoir de l\u2019empathie et une belle \u00e9coute concernant mes douleurs et besoins. Je n\u2019ai pas senti aucune pression d\u2019avoir un gros plan de traitement, ce qui m\u2019a beaucoup rassur\u00e9. Apr\u00e8s 3 semaines de traitements, je vois une belle am\u00e9lioration.<\/p>\n\n\n\n<p>Merci beaucoup Dre Pitre<\/p>\n\n\n\n<p class=\"has-text-align-right\">Janik F.<\/p>\n\n\n\n<hr class=\"wp-block-separator has-css-opacity is-style-dots\"\/>\n\n\n\n<h5><em>\u00abJe ne prends plus de m\u00e9dicaments\u00bb<\/em><\/h5>\n\n\n\n<p>J\u2019avais mal au bas du dos et dans mes jambes jusqu\u2019aux orteils; douleur \u00e0 marcher et m\u00eame coucher le soir dans mon lit. Je crois que cela est suite \u00e0 des cours en conditionnement physique et arts martiaux. Je prenais des m\u00e9dicaments anti-inflammatoires (pilules + cr\u00e8me) pour pouvoir passer la journ\u00e9e.<\/p>\n\n\n\n<p>Suite \u00e0 12 traitements du Dre Pitre, je ne prends plus de m\u00e9dicaments, plus de mal, et j\u2019ai compl\u00e9ter mes cours sans douleur (seulement un peu d\u2019inconfort)<\/p>\n\n\n\n<p>Je ferai un \u2018\u2019tune up\u2019\u2019 en septembre (\u00e9crit en juin) avec la reprise de mes cours\/activit\u00e9s.<\/p>\n\n\n\n<p>Je n\u2019avais jamais consult\u00e9 un centre chiropratique et je ne regrette aucunement la d\u00e9cision et la journ\u00e9e d\u2019y aller<\/p>\n\n\n\n<p class=\"has-text-align-right\">R.M<\/p>\n\n\n\n<hr class=\"wp-block-separator has-css-opacity is-style-dots\"\/>\n\n\n\n<h5><em>\u00abDes douleurs d&rsquo;une intensit\u00e9 incroyable\u00bb<\/em><\/h5>\n\n\n\n<p>Avant de consulter la Dre Pitre, j&rsquo;avais l&rsquo;impression que mon corps me l\u00e2chais. J&rsquo;avais des douleurs d&rsquo;une intensit\u00e9 incroyable \u00e0 tel point o\u00f9&nbsp;les anti-douleurs n&rsquo;y pouvaient plus rien. C&rsquo;\u00e9tait d\u00e9sesp\u00e9rant et stressant de se sentir constamment mal.<\/p>\n\n\n\n<p>Lors de ma 1ere visite avec Dre Pitre, elle a \u00e9t\u00e9 tellement empathique et patiente pour m&rsquo;expliquer dans les moindres d\u00e9tails ce qui m&rsquo;arrivait et comment elle pourrait me soigner.<\/p>\n\n\n\n<p>Apr\u00e8s quelques s\u00e9ances, le r\u00e9sultat \u00e9tait sans appel ! J&rsquo;ai m\u00eame oublier qu&rsquo;il n&rsquo;y a pas si longtemps, je me tordais de douleurs. Les douleurs avaient diminu\u00e9s de fa\u00e7on consid\u00e9rable, je me sentais MIEUX!<\/p>\n\n\n\n<p>Je vous la recommande vivement: d&#8217;embl\u00e9e pour son expertise mais aussi pour son c\u00f4t\u00e9 humain, empathique, patiente et aux petits soins.<\/p>\n\n\n\n<p class=\"has-text-align-left\">Je maximise ma gu\u00e9rison en continuant les s\u00e9ances, si vous avez des doutes, n&rsquo;h\u00e9sitez plus ! Vous vous sentirez mieux !<br><\/p>\n\n\n\n<p class=\"has-text-align-right\">M\u00e9lissa I.<\/p>\n\n\n\n<hr class=\"wp-block-separator has-css-opacity is-style-dots\"\/>\n\n\n\n<h5><em>\u00abJe regrette ne pas avoir consult\u00e9 en chiropratique avant\u00bb<\/em><\/h5>\n\n\n\n<p>J&rsquo;avais de graves probl\u00e8mes de dos avant de commencer \u00e0 voir la Dre Pitre. Je ressentais de la douleur en me penchant, en faisant la vaisselle et m\u00eame en marchant ! Je me faisais masser tous les mois et je demandais au massoth\u00e9rapeute de se concentrer sur le bas de mon dos. Cela ne procurait qu&rsquo;un soulagement temporaire et la douleur revenait. J&rsquo;ai d\u00e9cid\u00e9 d&rsquo;acheter un certificat pour une consultation et un examen avec la Dre Kayla Pitre \u00e0 la suggestion de mon fr\u00e8re qui \u00e9tait un patient du Dr Jasmin Pitre, l&rsquo;autre chiropraticien travaillant \u00e0 la clinique. Je vois la Dre Kayla Pitre depuis quelques mois maintenant et quelle diff\u00e9rence cela a fait ! La majorit\u00e9 de mes douleurs lombaires ont disparu au point que je ne me souvenais m\u00eame plus de certains des probl\u00e8mes que j&rsquo;avais lorsque nous en avons discut\u00e9 lors de ma r\u00e9\u00e9valuation. La Dre Pitre n&rsquo;essaie jamais de vous vendre quoi que ce soit et vous donne m\u00eame des astuces pour vous aider \u00e0 travailler vos muscles comme faire des exercices avec une balle de tennis. J&rsquo;ai \u00e9galement modifi\u00e9 mon bureau de travail \u00e0 la maison en achetant un support pour ordinateur portable et un clavier et une souris sans fil, car le Dr Pitre a dit que cela aiderait. En cons\u00e9quence, non seulement mes muscles ne font plus mal apr\u00e8s le travail, mais j&rsquo;ai aussi l&rsquo;impression d&rsquo;\u00eatre plus productive. \u00c9tonnamment, j&rsquo;ai \u00e9galement remarqu\u00e9 que je n&rsquo;avais plus autant de migraines, ce dont j&rsquo;ai souffert toute l&rsquo;ann\u00e9e derni\u00e8re. Je ne savais m\u00eame pas que la chiropratique pouvait aider avec mes migraines.<\/p>\n\n\n\n<p>Je suis vraiment heureuse d&rsquo;avoir commenc\u00e9 \u00e0 voir la Dre Pitre et je continuerai certainement \u00e0 la voir. La seule chose que je regrette, c&rsquo;est de ne pas avoir vu de chiropraticien plus t\u00f4t ! Merci Dre Pitre<\/p>\n\n\n\n<p class=\"has-text-align-right\">Hira<\/p>\n\n\n\n<hr class=\"wp-block-separator has-css-opacity is-style-dots\"\/>\n\n\n\n<h5><em>\u00ab Sensation de bien-\u00eatre et de confort apr\u00e8s les soins \u00bb<\/em><\/h5>\n\n\n\n<p>Apr\u00e8s seulement quelques consultations avec Dre Pitre, j&rsquo;ai constat\u00e9 des am\u00e9liorations assez rapidement au niveau de ma posture et de certaines sensations de douleurs que j&rsquo;avais au bas du dos. \u00c0 chaque fin de consultation, j&rsquo;ai eu la sensation de bien-\u00eatre et de confort gr\u00e2ce aux soins chiropratique de Dre Pitre. Je recommande le Centre Chiropratique de la sant\u00e9 vert\u00e9brale si vous avez des probl\u00e8mes de posture, de dos, de cou. Dre Pitre prendra soin de vous, car elle est tr\u00e8s comp\u00e9tente et profesionnelle. <\/p>\n\n\n\n<p class=\"has-text-align-right\">Monsieur E.N.<\/p>\n\n\n\n<hr class=\"wp-block-separator has-css-opacity is-style-dots\"\/>\n\n\n\n<h5><em><strong><em>\u00ab<\/em>Traitement des probl\u00e8mes qu&rsquo;on ne peut ne pas ressentir<\/strong><\/em> <em>\u00bb<\/em><\/h5>\n\n\n\n<p>Avant de rencontrer Dre Pitre, j&rsquo;avais beaucoup de raideurs et tensions au niveau de mon cou et mon dos; j&rsquo;avais des douleurs aux genoux et \u00e0 l&rsquo;un de mes psoas. Avant de la consulter, j&rsquo;avais consult\u00e9 plusieurs kin\u00e9sith\u00e9rapeutes et massoth\u00e9rapeutes. Depuis que j&rsquo;ai re\u00e7u des soins chiropratiques, ma douleur au psoas a compl\u00e8tement disparu et je suis capable de faire des exercices physiques que je n&rsquo;\u00e9tais plus en mesure de faire. J&rsquo;ai d\u00e9finitivement moins de raideurs et tensions au niveau de mon cou et mon dos gr\u00e2ce \u00e0 la combinaison de la chiro et de la massoth\u00e9rapie. Pour ce qui est de la douleur \u00e0 mes genoux, je n&rsquo;ai pas encore r\u00e9gl\u00e9. Les moyens de pr\u00e9vention que j&rsquo;ai d\u00e9cid\u00e9 de prendre pour obtenir une sant\u00e9 optimale sont: faire attention \u00e0 ma posture; \u00e0 l&rsquo;ergonomie de mon bureau de travail; ne pas attendre trop longtemps avant de consulter; me lever et me baisser correctement.. Oui, je recommande la chiropratique, car elle traite des probl\u00e8mes musculo-squelettique qu&rsquo;on peut ne pas ressentir ou voir tout de suite. Or, plus on attend, plus les troubles s&rsquo;aggravent.<\/p>\n\n\n\n<p class=\"has-text-align-right\">Madame C.N.<\/p>\n\n\n\n<hr class=\"wp-block-separator has-css-opacity is-style-dots\"\/>\n\n\n\n<h5><em><strong><em>\u00ab<\/em>Douleurs affectant mon travail et ma sant\u00e9<\/strong>\u00bb<\/em><\/h5>\n\n\n\n<p>Je suis venu voir Dre Kayla avec une douleur terrible au cou. Je ne pouvais pas dormir, m\u00eame avec ma t\u00eate droite, la douleur affectait aussi mon bras ainsi que mon travail et ma sant\u00e9. J\u2019ai vu une am\u00e9lioration apr\u00e8s la premi\u00e8re sc\u00e9ance et \u00e0 la 6<sup>e<\/sup>&nbsp;semaine, je n\u2019avais plus de douleurs, je pouvais mieux travailler et m\u2019assurer que je n\u2019aurais plus de douleurs intense.<br><br>Dr Kayla m\u2019a toujours guid\u00e9 au cours du processus, me donnant des exercices que je pouvais faire \u00e0 la maison et elle m\u2019assurerait toujours que le traitement \u00e9tait le meilleur pour ma condition et elle avait raison. <\/p>\n\n\n\n<p class=\"has-text-align-right\">Veronica (*traduit de l&rsquo;anglais)<\/p>\n","protected":false},"excerpt":{"rendered":"<p>\u00abJe n\u2019arrivais plus \u00e0 appr\u00e9cier les moments simples de la vie\u00bb Depuis que j\u2019ai commenc\u00e9 la chiro avec la Dr Pitre, ma vie a profond\u00e9ment chang\u00e9e. J\u2019ai \u00e0 nouveau confiance en moi, car j\u2019ai enfin une posture adapt\u00e9e. Je suis \u00e9galement pleine d\u2019\u00e9nergie et de bonne humeur. Auparavant, la douleur \u00e9tait tellement intense que je [&hellip;]<\/p>\n","protected":false},"author":1,"featured_media":0,"parent":0,"menu_order":0,"comment_status":"closed","ping_status":"closed","template":"","meta":[],"yoast_head":"<!-- This site is optimized with the Yoast SEO plugin v19.5.1 - https:\/\/yoast.com\/wordpress\/plugins\/seo\/ -->\n<title>T\u00e9moignages - Dre Kayla Pitre, chiropraticienne - Centre chiropratique de la sant\u00e9 vert\u00e9brale<\/title>\n<meta name=\"robots\" content=\"index, follow, max-snippet:-1, max-image-preview:large, max-video-preview:-1\" \/>\n<link rel=\"canonical\" href=\"https:\/\/kpitrechiro.com\/index.php\/6-temoignages\/\" \/>\n<meta property=\"og:locale\" content=\"fr_FR\" \/>\n<meta property=\"og:type\" content=\"article\" \/>\n<meta property=\"og:title\" content=\"T\u00e9moignages - Dre Kayla Pitre, chiropraticienne - Centre chiropratique de la sant\u00e9 vert\u00e9brale\" \/>\n<meta property=\"og:description\" content=\"\u00abJe n\u2019arrivais plus \u00e0 appr\u00e9cier les moments simples de la vie\u00bb Depuis que j\u2019ai commenc\u00e9 la chiro avec la Dr Pitre, ma vie a profond\u00e9ment chang\u00e9e. J\u2019ai \u00e0 nouveau confiance en moi, car j\u2019ai enfin une posture adapt\u00e9e. Je suis \u00e9galement pleine d\u2019\u00e9nergie et de bonne humeur. Auparavant, la douleur \u00e9tait tellement intense que je [&hellip;]\" \/>\n<meta property=\"og:url\" content=\"https:\/\/kpitrechiro.com\/index.php\/6-temoignages\/\" \/>\n<meta property=\"og:site_name\" content=\"Dre Kayla Pitre, chiropraticienne - Centre chiropratique de la sant\u00e9 vert\u00e9brale\" \/>\n<meta property=\"article:modified_time\" content=\"2024-01-22T20:05:49+00:00\" \/>\n<meta name=\"twitter:card\" content=\"summary_large_image\" \/>\n<meta name=\"twitter:label1\" content=\"Dur\u00e9e de lecture estim\u00e9e\" \/>\n\t<meta name=\"twitter:data1\" content=\"8 minutes\" \/>\n<script type=\"application\/ld+json\" class=\"yoast-schema-graph\">{\"@context\":\"https:\/\/schema.org\",\"@graph\":[{\"@type\":\"WebPage\",\"@id\":\"https:\/\/kpitrechiro.com\/index.php\/6-temoignages\/\",\"url\":\"https:\/\/kpitrechiro.com\/index.php\/6-temoignages\/\",\"name\":\"T\u00e9moignages - Dre Kayla Pitre, chiropraticienne - Centre chiropratique de la sant\u00e9 vert\u00e9brale\",\"isPartOf\":{\"@id\":\"https:\/\/kpitrechiro.com\/#website\"},\"datePublished\":\"2021-07-15T17:45:45+00:00\",\"dateModified\":\"2024-01-22T20:05:49+00:00\",\"breadcrumb\":{\"@id\":\"https:\/\/kpitrechiro.com\/index.php\/6-temoignages\/#breadcrumb\"},\"inLanguage\":\"fr-FR\",\"potentialAction\":[{\"@type\":\"ReadAction\",\"target\":[\"https:\/\/kpitrechiro.com\/index.php\/6-temoignages\/\"]}]},{\"@type\":\"BreadcrumbList\",\"@id\":\"https:\/\/kpitrechiro.com\/index.php\/6-temoignages\/#breadcrumb\",\"itemListElement\":[{\"@type\":\"ListItem\",\"position\":1,\"name\":\"Accueil\",\"item\":\"https:\/\/kpitrechiro.com\/\"},{\"@type\":\"ListItem\",\"position\":2,\"name\":\"T\u00e9moignages\"}]},{\"@type\":\"WebSite\",\"@id\":\"https:\/\/kpitrechiro.com\/#website\",\"url\":\"https:\/\/kpitrechiro.com\/\",\"name\":\"Dre Kayla Pitre, chiropraticienne - Centre chiropratique de la sant\u00e9 vert\u00e9brale\",\"description\":\"Soyez la meilleure version de vous-m\u00eame !\",\"publisher\":{\"@id\":\"https:\/\/kpitrechiro.com\/#organization\"},\"potentialAction\":[{\"@type\":\"SearchAction\",\"target\":{\"@type\":\"EntryPoint\",\"urlTemplate\":\"https:\/\/kpitrechiro.com\/?s={search_term_string}\"},\"query-input\":\"required name=search_term_string\"}],\"inLanguage\":\"fr-FR\"},{\"@type\":\"Organization\",\"@id\":\"https:\/\/kpitrechiro.com\/#organization\",\"name\":\"Dre Kayla Pitre, chiropraticienne - Centre chiropratique de la sant\u00e9 vert\u00e9brale\",\"url\":\"https:\/\/kpitrechiro.com\/\",\"sameAs\":[],\"logo\":{\"@type\":\"ImageObject\",\"inLanguage\":\"fr-FR\",\"@id\":\"https:\/\/kpitrechiro.com\/#\/schema\/logo\/image\/\",\"url\":\"https:\/\/kpitrechiro.com\/wp-content\/uploads\/2020\/11\/cropped-LOGO-paint-fond-PNG-2.png\",\"contentUrl\":\"https:\/\/kpitrechiro.com\/wp-content\/uploads\/2020\/11\/cropped-LOGO-paint-fond-PNG-2.png\",\"width\":712,\"height\":606,\"caption\":\"Dre Kayla Pitre, chiropraticienne - Centre chiropratique de la sant\u00e9 vert\u00e9brale\"},\"image\":{\"@id\":\"https:\/\/kpitrechiro.com\/#\/schema\/logo\/image\/\"}}]}<\/script>\n<!-- \/ Yoast SEO plugin. -->","yoast_head_json":{"title":"T\u00e9moignages - Dre Kayla Pitre, chiropraticienne - Centre chiropratique de la sant\u00e9 vert\u00e9brale","robots":{"index":"index","follow":"follow","max-snippet":"max-snippet:-1","max-image-preview":"max-image-preview:large","max-video-preview":"max-video-preview:-1"},"canonical":"https:\/\/kpitrechiro.com\/index.php\/6-temoignages\/","og_locale":"fr_FR","og_type":"article","og_title":"T\u00e9moignages - Dre Kayla Pitre, chiropraticienne - Centre chiropratique de la sant\u00e9 vert\u00e9brale","og_description":"\u00abJe n\u2019arrivais plus \u00e0 appr\u00e9cier les moments simples de la vie\u00bb Depuis que j\u2019ai commenc\u00e9 la chiro avec la Dr Pitre, ma vie a profond\u00e9ment chang\u00e9e. J\u2019ai \u00e0 nouveau confiance en moi, car j\u2019ai enfin une posture adapt\u00e9e. Je suis \u00e9galement pleine d\u2019\u00e9nergie et de bonne humeur. Auparavant, la douleur \u00e9tait tellement intense que je [&hellip;]","og_url":"https:\/\/kpitrechiro.com\/index.php\/6-temoignages\/","og_site_name":"Dre Kayla Pitre, chiropraticienne - Centre chiropratique de la sant\u00e9 vert\u00e9brale","article_modified_time":"2024-01-22T20:05:49+00:00","twitter_card":"summary_large_image","twitter_misc":{"Dur\u00e9e de lecture estim\u00e9e":"8 minutes"},"schema":{"@context":"https:\/\/schema.org","@graph":[{"@type":"WebPage","@id":"https:\/\/kpitrechiro.com\/index.php\/6-temoignages\/","url":"https:\/\/kpitrechiro.com\/index.php\/6-temoignages\/","name":"T\u00e9moignages - Dre Kayla Pitre, chiropraticienne - Centre chiropratique de la sant\u00e9 vert\u00e9brale","isPartOf":{"@id":"https:\/\/kpitrechiro.com\/#website"},"datePublished":"2021-07-15T17:45:45+00:00","dateModified":"2024-01-22T20:05:49+00:00","breadcrumb":{"@id":"https:\/\/kpitrechiro.com\/index.php\/6-temoignages\/#breadcrumb"},"inLanguage":"fr-FR","potentialAction":[{"@type":"ReadAction","target":["https:\/\/kpitrechiro.com\/index.php\/6-temoignages\/"]}]},{"@type":"BreadcrumbList","@id":"https:\/\/kpitrechiro.com\/index.php\/6-temoignages\/#breadcrumb","itemListElement":[{"@type":"ListItem","position":1,"name":"Accueil","item":"https:\/\/kpitrechiro.com\/"},{"@type":"ListItem","position":2,"name":"T\u00e9moignages"}]},{"@type":"WebSite","@id":"https:\/\/kpitrechiro.com\/#website","url":"https:\/\/kpitrechiro.com\/","name":"Dre Kayla Pitre, chiropraticienne - Centre chiropratique de la sant\u00e9 vert\u00e9brale","description":"Soyez la meilleure version de vous-m\u00eame !","publisher":{"@id":"https:\/\/kpitrechiro.com\/#organization"},"potentialAction":[{"@type":"SearchAction","target":{"@type":"EntryPoint","urlTemplate":"https:\/\/kpitrechiro.com\/?s={search_term_string}"},"query-input":"required name=search_term_string"}],"inLanguage":"fr-FR"},{"@type":"Organization","@id":"https:\/\/kpitrechiro.com\/#organization","name":"Dre Kayla Pitre, chiropraticienne - Centre chiropratique de la sant\u00e9 vert\u00e9brale","url":"https:\/\/kpitrechiro.com\/","sameAs":[],"logo":{"@type":"ImageObject","inLanguage":"fr-FR","@id":"https:\/\/kpitrechiro.com\/#\/schema\/logo\/image\/","url":"https:\/\/kpitrechiro.com\/wp-content\/uploads\/2020\/11\/cropped-LOGO-paint-fond-PNG-2.png","contentUrl":"https:\/\/kpitrechiro.com\/wp-content\/uploads\/2020\/11\/cropped-LOGO-paint-fond-PNG-2.png","width":712,"height":606,"caption":"Dre Kayla Pitre, chiropraticienne - Centre chiropratique de la sant\u00e9 vert\u00e9brale"},"image":{"@id":"https:\/\/kpitrechiro.com\/#\/schema\/logo\/image\/"}}]}},"_links":{"self":[{"href":"https:\/\/kpitrechiro.com\/index.php\/wp-json\/wp\/v2\/pages\/518"}],"collection":[{"href":"https:\/\/kpitrechiro.com\/index.php\/wp-json\/wp\/v2\/pages"}],"about":[{"href":"https:\/\/kpitrechiro.com\/index.php\/wp-json\/wp\/v2\/types\/page"}],"author":[{"embeddable":true,"href":"https:\/\/kpitrechiro.com\/index.php\/wp-json\/wp\/v2\/users\/1"}],"replies":[{"embeddable":true,"href":"https:\/\/kpitrechiro.com\/index.php\/wp-json\/wp\/v2\/comments?post=518"}],"version-history":[{"count":15,"href":"https:\/\/kpitrechiro.com\/index.php\/wp-json\/wp\/v2\/pages\/518\/revisions"}],"predecessor-version":[{"id":1019,"href":"https:\/\/kpitrechiro.com\/index.php\/wp-json\/wp\/v2\/pages\/518\/revisions\/1019"}],"wp:attachment":[{"href":"https:\/\/kpitrechiro.com\/index.php\/wp-json\/wp\/v2\/media?parent=518"}],"curies":[{"name":"wp","href":"https:\/\/api.w.org\/{rel}","templated":true}]}}