{"id":1052,"date":"2024-05-15T15:31:25","date_gmt":"2024-05-15T15:31:25","guid":{"rendered":"https:\/\/kpitrechiro.com\/?page_id=1052"},"modified":"2024-05-16T17:25:31","modified_gmt":"2024-05-16T17:25:31","slug":"les-pieds","status":"publish","type":"page","link":"https:\/\/kpitrechiro.com\/index.php\/les-pieds\/","title":{"rendered":"L&rsquo;importance des Fondations Solides :"},"content":{"rendered":"\n<h3 class=\"has-text-align-center\">Pourquoi des Pieds Stables Sont Essentiels pour la Sant\u00e9 du Corps et l&rsquo;Efficacit\u00e9 des Soins Chiropratiques<\/h3>\n\n\n\n<figure class=\"wp-block-image size-full\"><img loading=\"lazy\" width=\"540\" height=\"720\" src=\"https:\/\/kpitrechiro.com\/wp-content\/uploads\/2024\/05\/2021-10-07-45-rotated.jpg\" alt=\"\" class=\"wp-image-1053\" srcset=\"https:\/\/kpitrechiro.com\/wp-content\/uploads\/2024\/05\/2021-10-07-45-rotated.jpg 540w, https:\/\/kpitrechiro.com\/wp-content\/uploads\/2024\/05\/2021-10-07-45-225x300.jpg 225w\" sizes=\"(max-width: 540px) 100vw, 540px\" \/><figcaption>Les pieds ont un r\u00f4le important dans la sant\u00e9 du corps<\/figcaption><\/figure>\n\n\n\n<p>Dans la construction d&rsquo;un immeuble, des fondations solides sont essentielles pour assurer sa stabilit\u00e9 et sa durabilit\u00e9. De m\u00eame, dans le corps humain, des pieds stables jouent un r\u00f4le crucial pour maintenir l&rsquo;\u00e9quilibre et pr\u00e9venir les douleurs. Cette analogie entre la construction d&rsquo;un b\u00e2timent et la sant\u00e9 du corps met en lumi\u00e8re l&rsquo;importance fondamentale des fondations, qui dans ce cas, sont nos pieds.<\/p>\n\n\n\n<p>Les pieds sont les premiers points de contact avec le sol et servent de base \u00e0 tout le corps. Comme les fondations d&rsquo;un b\u00e2timent, s&rsquo;ils sont instables ou mal align\u00e9s, cela peut entra\u00eener des d\u00e9s\u00e9quilibres et des tensions dans le reste du corps. Par cons\u00e9quent, investir dans des pieds solides est un investissement crucial pour la sant\u00e9 globale.<\/p>\n\n\n\n<p>Un d\u00e9s\u00e9quilibre ou une instabilit\u00e9 au niveau des pieds peut avoir des r\u00e9percussions sur l&rsquo;ensemble du corps. Par exemple, une mauvaise posture due \u00e0 des pieds mal align\u00e9s peut entra\u00eener des douleurs au dos, aux genoux, voire m\u00eame des maux de t\u00eate. Ces probl\u00e8mes peuvent devenir chroniques si les fondations du corps ne sont pas correctement adress\u00e9es.<\/p>\n\n\n\n<p>C&rsquo;est l\u00e0 qu&rsquo;intervient le r\u00f4le du chiropraticien. En travaillant sur l&rsquo;alignement de la colonne vert\u00e9brale et des articulations, le chiropraticien aide \u00e0 r\u00e9tablir l&rsquo;\u00e9quilibre naturel du corps. Cependant, pour que ces ajustements tiennent dans le temps, il est essentiel que les fondations, c&rsquo;est-\u00e0-dire les pieds, soient stables et bien soutenues.<\/p>\n\n\n\n<p>Dans certains cas, des orth\u00e8ses plantaires ou le port de bonnes chaussures peuvent \u00eatre n\u00e9cessaires pour corriger les d\u00e9s\u00e9quilibres des pieds et fournir un soutien suppl\u00e9mentaire. Les orth\u00e8ses peuvent aider \u00e0 redistribuer la pression sur les pieds et \u00e0 corriger les d\u00e9fauts de posture, ce qui contribue \u00e0 pr\u00e9venir les blessures et \u00e0 am\u00e9liorer la sant\u00e9 globale du corps. Le professionnel pouvant vous aider \u00e0 faire un examen complet de votre pied est le podiatre.<\/p>\n\n\n\n<p>En conclusion, comme pour la construction d&rsquo;un immeuble, des fondations solides sont indispensables pour maintenir la stabilit\u00e9 et la durabilit\u00e9 du corps humain. Des pieds stables jouent un r\u00f4le essentiel dans la pr\u00e9vention des douleurs et des d\u00e9s\u00e9quilibres, ainsi que dans l&rsquo;efficacit\u00e9 des soins chiropratiques. Le travail pluridisciplinaire avec un podiatre peut \u00eatre recommand\u00e9 pour certains patients. Investir dans des soins pr\u00e9ventifs tels que des orth\u00e8ses ou des chaussures adapt\u00e9es peut contribuer \u00e0 assurer une sant\u00e9 optimale \u00e0 long terme.Si vous cherchez un podiatre dans la r\u00e9gion, je vous recommande Dr Youdim qui saura vous aider : <a href=\"https:\/\/www.cliniquepodiatriquedecarie.com\/fr\/index.html\">Clinique podiatrique D\u00e9carie (cliniquepodiatriquedecarie.com)<\/a>. N&rsquo;h\u00e9sitez pas \u00e0 le contacter<\/p>\n\n\n\n<p><\/p>\n\n\n\n<p><\/p>\n\n\n\n<h4>Condition du pied:<\/h4>\n\n\n\n<div class=\"wp-container-3 wp-block-columns\">\n<div class=\"wp-container-2 wp-block-column\" style=\"flex-basis:100%\">\n<div class=\"wp-container-1 wp-block-group\"><div class=\"wp-block-group__inner-container\">\n<ul><li>    <a href=\"https:\/\/kpitrechiro.com\/index.php\/6-infolettre\/condition-traitees\/lepine-de-lenoir\/\">\u00c9pine de Lenoir<\/a><\/li><li>    <a href=\"https:\/\/kpitrechiro.com\/index.php\/6-infolettre\/condition-traitees\/la-fasciite-plantaire\/\">Fasciite plantaire<\/a><\/li><\/ul>\n<\/div><\/div>\n<\/div>\n<\/div>\n\n\n\n<p>  <\/p>\n\n\n\n<p>R\u00e9f\u00e9rences<\/p>\n\n\n\n<ol type=\"1\"><li>\u00ab\u00a0Clinical Biomechanics of the Lower Extremities\u00a0\u00bb par Ronald L. Valmassy.<\/li><li>Nigg, B. M., &amp; Nurse, M. A. (2002). The effect of orthotics on foot and lower extremity function: A review of the literature. <em>Journal of Orthopaedic &amp; Sports Physical Therapy<\/em>, 32(10), 441-448.<\/li><li>Landorf, K. B., &amp; Keenan, A. M. (2007). Efficacy of foot orthoses. What does the literature tell us? <em>Journal of the American Podiatric Medical Association<\/em>, 97(3), 205-213.<\/li><li>\u00ab\u00a0Chiropractic Management of Spine Related Disorders\u00a0\u00bb par Meridel I. Gatterman.<\/li><\/ol>\n","protected":false},"excerpt":{"rendered":"<p>Pourquoi des Pieds Stables Sont Essentiels pour la Sant\u00e9 du Corps et l&rsquo;Efficacit\u00e9 des Soins Chiropratiques Dans la construction d&rsquo;un immeuble, des fondations solides sont essentielles pour assurer sa stabilit\u00e9 et sa durabilit\u00e9. De m\u00eame, dans le corps humain, des pieds stables jouent un r\u00f4le crucial pour maintenir l&rsquo;\u00e9quilibre et pr\u00e9venir les douleurs. Cette analogie [&hellip;]<\/p>\n","protected":false},"author":1,"featured_media":0,"parent":0,"menu_order":0,"comment_status":"closed","ping_status":"closed","template":"","meta":[],"yoast_head":"<!-- This site is optimized with the Yoast SEO plugin v19.5.1 - https:\/\/yoast.com\/wordpress\/plugins\/seo\/ -->\n<title>L&#039;importance des fondation solidesL&#039;importance des Fondations Solides : - Dre Kayla Pitre, chiropraticienne - Centre chiropratique de la sant\u00e9 vert\u00e9brale<\/title>\n<meta name=\"description\" content=\"Dans la construction d&#039;un immeuble, des fondations solides sont essentielles pour assurer sa stabilit\u00e9 et sa durabilit\u00e9. De m\u00eame, dans le corps humain, des pieds stables jouent un r\u00f4le crucial pour maintenir l&#039;\u00e9quilibre et pr\u00e9venir les douleurs.\" \/>\n<meta name=\"robots\" content=\"index, follow, max-snippet:-1, max-image-preview:large, max-video-preview:-1\" \/>\n<link rel=\"canonical\" href=\"https:\/\/kpitrechiro.com\/index.php\/les-pieds\/\" \/>\n<meta property=\"og:locale\" content=\"fr_FR\" \/>\n<meta property=\"og:type\" content=\"article\" \/>\n<meta property=\"og:title\" content=\"L&#039;importance des fondation solidesL&#039;importance des Fondations Solides : - Dre Kayla Pitre, chiropraticienne - Centre chiropratique de la sant\u00e9 vert\u00e9brale\" \/>\n<meta property=\"og:description\" content=\"Dans la construction d&#039;un immeuble, des fondations solides sont essentielles pour assurer sa stabilit\u00e9 et sa durabilit\u00e9. De m\u00eame, dans le corps humain, des pieds stables jouent un r\u00f4le crucial pour maintenir l&#039;\u00e9quilibre et pr\u00e9venir les douleurs.\" \/>\n<meta property=\"og:url\" content=\"https:\/\/kpitrechiro.com\/index.php\/les-pieds\/\" \/>\n<meta property=\"og:site_name\" content=\"Dre Kayla Pitre, chiropraticienne - Centre chiropratique de la sant\u00e9 vert\u00e9brale\" \/>\n<meta property=\"article:modified_time\" content=\"2024-05-16T17:25:31+00:00\" \/>\n<meta property=\"og:image\" content=\"https:\/\/kpitrechiro.com\/wp-content\/uploads\/2024\/05\/2021-10-07-45-rotated.jpg\" \/>\n<meta name=\"twitter:card\" content=\"summary_large_image\" \/>\n<meta name=\"twitter:label1\" content=\"Dur\u00e9e de lecture estim\u00e9e\" \/>\n\t<meta name=\"twitter:data1\" content=\"3 minutes\" \/>\n<script type=\"application\/ld+json\" class=\"yoast-schema-graph\">{\"@context\":\"https:\/\/schema.org\",\"@graph\":[{\"@type\":\"WebPage\",\"@id\":\"https:\/\/kpitrechiro.com\/index.php\/les-pieds\/\",\"url\":\"https:\/\/kpitrechiro.com\/index.php\/les-pieds\/\",\"name\":\"L'importance des fondation solidesL'importance des Fondations Solides : - Dre Kayla Pitre, chiropraticienne - Centre chiropratique de la sant\u00e9 vert\u00e9brale\",\"isPartOf\":{\"@id\":\"https:\/\/kpitrechiro.com\/#website\"},\"datePublished\":\"2024-05-15T15:31:25+00:00\",\"dateModified\":\"2024-05-16T17:25:31+00:00\",\"description\":\"Dans la construction d'un immeuble, des fondations solides sont essentielles pour assurer sa stabilit\u00e9 et sa durabilit\u00e9. De m\u00eame, dans le corps humain, des pieds stables jouent un r\u00f4le crucial pour maintenir l'\u00e9quilibre et pr\u00e9venir les douleurs.\",\"breadcrumb\":{\"@id\":\"https:\/\/kpitrechiro.com\/index.php\/les-pieds\/#breadcrumb\"},\"inLanguage\":\"fr-FR\",\"potentialAction\":[{\"@type\":\"ReadAction\",\"target\":[\"https:\/\/kpitrechiro.com\/index.php\/les-pieds\/\"]}]},{\"@type\":\"BreadcrumbList\",\"@id\":\"https:\/\/kpitrechiro.com\/index.php\/les-pieds\/#breadcrumb\",\"itemListElement\":[{\"@type\":\"ListItem\",\"position\":1,\"name\":\"Accueil\",\"item\":\"https:\/\/kpitrechiro.com\/\"},{\"@type\":\"ListItem\",\"position\":2,\"name\":\"L&rsquo;importance des Fondations Solides :\"}]},{\"@type\":\"WebSite\",\"@id\":\"https:\/\/kpitrechiro.com\/#website\",\"url\":\"https:\/\/kpitrechiro.com\/\",\"name\":\"Dre Kayla Pitre, chiropraticienne - Centre chiropratique de la sant\u00e9 vert\u00e9brale\",\"description\":\"Soyez la meilleure version de vous-m\u00eame !\",\"publisher\":{\"@id\":\"https:\/\/kpitrechiro.com\/#organization\"},\"potentialAction\":[{\"@type\":\"SearchAction\",\"target\":{\"@type\":\"EntryPoint\",\"urlTemplate\":\"https:\/\/kpitrechiro.com\/?s={search_term_string}\"},\"query-input\":\"required name=search_term_string\"}],\"inLanguage\":\"fr-FR\"},{\"@type\":\"Organization\",\"@id\":\"https:\/\/kpitrechiro.com\/#organization\",\"name\":\"Dre Kayla Pitre, chiropraticienne - Centre chiropratique de la sant\u00e9 vert\u00e9brale\",\"url\":\"https:\/\/kpitrechiro.com\/\",\"sameAs\":[],\"logo\":{\"@type\":\"ImageObject\",\"inLanguage\":\"fr-FR\",\"@id\":\"https:\/\/kpitrechiro.com\/#\/schema\/logo\/image\/\",\"url\":\"https:\/\/kpitrechiro.com\/wp-content\/uploads\/2020\/11\/cropped-LOGO-paint-fond-PNG-2.png\",\"contentUrl\":\"https:\/\/kpitrechiro.com\/wp-content\/uploads\/2020\/11\/cropped-LOGO-paint-fond-PNG-2.png\",\"width\":712,\"height\":606,\"caption\":\"Dre Kayla Pitre, chiropraticienne - Centre chiropratique de la sant\u00e9 vert\u00e9brale\"},\"image\":{\"@id\":\"https:\/\/kpitrechiro.com\/#\/schema\/logo\/image\/\"}}]}<\/script>\n<!-- \/ Yoast SEO plugin. -->","yoast_head_json":{"title":"L'importance des fondation solidesL'importance des Fondations Solides : - Dre Kayla Pitre, chiropraticienne - Centre chiropratique de la sant\u00e9 vert\u00e9brale","description":"Dans la construction d'un immeuble, des fondations solides sont essentielles pour assurer sa stabilit\u00e9 et sa durabilit\u00e9. De m\u00eame, dans le corps humain, des pieds stables jouent un r\u00f4le crucial pour maintenir l'\u00e9quilibre et pr\u00e9venir les douleurs.","robots":{"index":"index","follow":"follow","max-snippet":"max-snippet:-1","max-image-preview":"max-image-preview:large","max-video-preview":"max-video-preview:-1"},"canonical":"https:\/\/kpitrechiro.com\/index.php\/les-pieds\/","og_locale":"fr_FR","og_type":"article","og_title":"L'importance des fondation solidesL'importance des Fondations Solides : - Dre Kayla Pitre, chiropraticienne - Centre chiropratique de la sant\u00e9 vert\u00e9brale","og_description":"Dans la construction d'un immeuble, des fondations solides sont essentielles pour assurer sa stabilit\u00e9 et sa durabilit\u00e9. De m\u00eame, dans le corps humain, des pieds stables jouent un r\u00f4le crucial pour maintenir l'\u00e9quilibre et pr\u00e9venir les douleurs.","og_url":"https:\/\/kpitrechiro.com\/index.php\/les-pieds\/","og_site_name":"Dre Kayla Pitre, chiropraticienne - Centre chiropratique de la sant\u00e9 vert\u00e9brale","article_modified_time":"2024-05-16T17:25:31+00:00","og_image":[{"url":"https:\/\/kpitrechiro.com\/wp-content\/uploads\/2024\/05\/2021-10-07-45-rotated.jpg"}],"twitter_card":"summary_large_image","twitter_misc":{"Dur\u00e9e de lecture estim\u00e9e":"3 minutes"},"schema":{"@context":"https:\/\/schema.org","@graph":[{"@type":"WebPage","@id":"https:\/\/kpitrechiro.com\/index.php\/les-pieds\/","url":"https:\/\/kpitrechiro.com\/index.php\/les-pieds\/","name":"L'importance des fondation solidesL'importance des Fondations Solides : - Dre Kayla Pitre, chiropraticienne - Centre chiropratique de la sant\u00e9 vert\u00e9brale","isPartOf":{"@id":"https:\/\/kpitrechiro.com\/#website"},"datePublished":"2024-05-15T15:31:25+00:00","dateModified":"2024-05-16T17:25:31+00:00","description":"Dans la construction d'un immeuble, des fondations solides sont essentielles pour assurer sa stabilit\u00e9 et sa durabilit\u00e9. De m\u00eame, dans le corps humain, des pieds stables jouent un r\u00f4le crucial pour maintenir l'\u00e9quilibre et pr\u00e9venir les douleurs.","breadcrumb":{"@id":"https:\/\/kpitrechiro.com\/index.php\/les-pieds\/#breadcrumb"},"inLanguage":"fr-FR","potentialAction":[{"@type":"ReadAction","target":["https:\/\/kpitrechiro.com\/index.php\/les-pieds\/"]}]},{"@type":"BreadcrumbList","@id":"https:\/\/kpitrechiro.com\/index.php\/les-pieds\/#breadcrumb","itemListElement":[{"@type":"ListItem","position":1,"name":"Accueil","item":"https:\/\/kpitrechiro.com\/"},{"@type":"ListItem","position":2,"name":"L&rsquo;importance des Fondations Solides :"}]},{"@type":"WebSite","@id":"https:\/\/kpitrechiro.com\/#website","url":"https:\/\/kpitrechiro.com\/","name":"Dre Kayla Pitre, chiropraticienne - Centre chiropratique de la sant\u00e9 vert\u00e9brale","description":"Soyez la meilleure version de vous-m\u00eame !","publisher":{"@id":"https:\/\/kpitrechiro.com\/#organization"},"potentialAction":[{"@type":"SearchAction","target":{"@type":"EntryPoint","urlTemplate":"https:\/\/kpitrechiro.com\/?s={search_term_string}"},"query-input":"required name=search_term_string"}],"inLanguage":"fr-FR"},{"@type":"Organization","@id":"https:\/\/kpitrechiro.com\/#organization","name":"Dre Kayla Pitre, chiropraticienne - Centre chiropratique de la sant\u00e9 vert\u00e9brale","url":"https:\/\/kpitrechiro.com\/","sameAs":[],"logo":{"@type":"ImageObject","inLanguage":"fr-FR","@id":"https:\/\/kpitrechiro.com\/#\/schema\/logo\/image\/","url":"https:\/\/kpitrechiro.com\/wp-content\/uploads\/2020\/11\/cropped-LOGO-paint-fond-PNG-2.png","contentUrl":"https:\/\/kpitrechiro.com\/wp-content\/uploads\/2020\/11\/cropped-LOGO-paint-fond-PNG-2.png","width":712,"height":606,"caption":"Dre Kayla Pitre, chiropraticienne - Centre chiropratique de la sant\u00e9 vert\u00e9brale"},"image":{"@id":"https:\/\/kpitrechiro.com\/#\/schema\/logo\/image\/"}}]}},"_links":{"self":[{"href":"https:\/\/kpitrechiro.com\/index.php\/wp-json\/wp\/v2\/pages\/1052"}],"collection":[{"href":"https:\/\/kpitrechiro.com\/index.php\/wp-json\/wp\/v2\/pages"}],"about":[{"href":"https:\/\/kpitrechiro.com\/index.php\/wp-json\/wp\/v2\/types\/page"}],"author":[{"embeddable":true,"href":"https:\/\/kpitrechiro.com\/index.php\/wp-json\/wp\/v2\/users\/1"}],"replies":[{"embeddable":true,"href":"https:\/\/kpitrechiro.com\/index.php\/wp-json\/wp\/v2\/comments?post=1052"}],"version-history":[{"count":6,"href":"https:\/\/kpitrechiro.com\/index.php\/wp-json\/wp\/v2\/pages\/1052\/revisions"}],"predecessor-version":[{"id":1066,"href":"https:\/\/kpitrechiro.com\/index.php\/wp-json\/wp\/v2\/pages\/1052\/revisions\/1066"}],"wp:attachment":[{"href":"https:\/\/kpitrechiro.com\/index.php\/wp-json\/wp\/v2\/media?parent=1052"}],"curies":[{"name":"wp","href":"https:\/\/api.w.org\/{rel}","templated":true}]}}