{"id":1004,"date":"2023-10-19T16:28:59","date_gmt":"2023-10-19T16:28:59","guid":{"rendered":"https:\/\/kpitrechiro.com\/?page_id=1004"},"modified":"2023-10-19T16:29:00","modified_gmt":"2023-10-19T16:29:00","slug":"mise-en-garde-les-bonbons-dhalloween","status":"publish","type":"page","link":"https:\/\/kpitrechiro.com\/index.php\/mise-en-garde-les-bonbons-dhalloween\/","title":{"rendered":"Mise en garde: les bonbons d&rsquo;Halloween"},"content":{"rendered":"\n<p>L&rsquo;arriv\u00e9e d&rsquo;Halloween suscite une excitation contagieuse chez les enfants, car c&rsquo;est l&rsquo;occasion de se d\u00e9guiser, de partir \u00e0 la chasse aux bonbons et de s&rsquo;adonner \u00e0 des festivit\u00e9s ludiques. Cependant, tandis que les bonbons et les friandises abondent, il est essentiel de se rappeler que la surconsommation de ces sucreries peut avoir des r\u00e9percussions n\u00e9fastes sur la sant\u00e9 des plus jeunes. De la prise de poids \u00e0 l&rsquo;impact sur la sant\u00e9 bucco-dentaire en passant par les fluctuations de la glyc\u00e9mie, il existe de nombreuses raisons de prendre des pr\u00e9cautions lorsqu&rsquo;il s&rsquo;agit de la quantit\u00e9 de bonbons que les enfants consomment pendant cette p\u00e9riode. Dans cet article, nous examinerons cinq raisons pour lesquelles la surconsommation de bonbons d&rsquo;Halloween peut avoir des effets n\u00e9fastes sur la sant\u00e9 des enfants, tout en proposant des conseils et des solutions pour pr\u00e9venir ces probl\u00e8mes et encourager des habitudes alimentaires plus saines.<\/p>\n\n\n\n<ol><li><span style=\"text-decoration: underline;\"><strong>Prise de poids <\/strong>:<\/span> Les bonbons sont riches en calories vides (aucune valeur nutritionnelle significative, mais qui peuvent s&rsquo;additionner rapidement les unes aux autres)<strong> <\/strong>en sucre et en graisses. Une consommation excessive peut entra\u00eener une prise de poids chez les enfants. <strong>Solution<\/strong> : Limitez la quantit\u00e9 de bonbons que les enfants peuvent manger \u00e0 la fois et encouragez-les \u00e0 manger des collations plus saines comme des fruits, des l\u00e9gumes ou des noix.<\/li><\/ol>\n\n\n\n<ol type=\"1\" start=\"2\"><li><strong><span style=\"text-decoration: underline;\">Caries dentaires <\/span><\/strong>: Les sucres pr\u00e9sents dans les bonbons nourrissent les bact\u00e9ries responsables des caries. Les enfants qui consomment beaucoup de bonbons ont un risque accru de d\u00e9velopper des caries dentaires. <strong>Solution :<\/strong> Encouragez une bonne hygi\u00e8ne bucco-dentaire, y compris le brossage r\u00e9gulier des dents, l&rsquo;utilisation de fil dentaire et des visites chez le dentiste. Limitez les bonbons entre les repas.<\/li><\/ol>\n\n\n\n<ol type=\"1\" start=\"3\"><li><strong><span style=\"text-decoration: underline;\">Exc\u00e8s de sucre : <\/span><\/strong>Les bonbons sont souvent riches en sucre, ce qui peut entra\u00eener des pics de glyc\u00e9mie suivis de chutes, ce qui peut affecter l&rsquo;\u00e9nergie et la concentration des enfants. <strong>Solution <\/strong>: Limitez la consommation de bonbons, privil\u00e9giez les collations plus \u00e9quilibr\u00e9es et assurez-vous que les enfants mangent des repas nutritifs.<\/li><\/ol>\n\n\n\n<ol type=\"1\" start=\"4\"><li><strong><span style=\"text-decoration: underline;\">Impact sur le comportement : <\/span><\/strong>Certains enfants peuvent devenir hyperactifs ou agit\u00e9s apr\u00e8s avoir consomm\u00e9 trop de bonbons en raison de la teneur \u00e9lev\u00e9e en sucre. <strong>Solution <\/strong>: Surveillez la consommation de bonbons et discutez des effets sur le comportement avec les enfants. Optez pour des alternatives plus saines, comme des fruits, pour les collations.<\/li><\/ol>\n\n\n\n<ol type=\"1\" start=\"5\"><li><strong><span style=\"text-decoration: underline;\">Habitudes alimentaires malsaines : <\/span><\/strong>La surconsommation de bonbons peut cr\u00e9er des habitudes alimentaires malsaines chez les enfants, les habituant \u00e0 rechercher des aliments riches en sucre et en gras. <strong>Solution <\/strong>: Enseignez aux enfants l&rsquo;importance de l&rsquo;\u00e9quilibre alimentaire et encouragez-les \u00e0 faire des choix plus sains. Impliquez-les dans la pr\u00e9paration de collations nutritives.<\/li><\/ol>\n\n\n\n<p>Il est essentiel de trouver un \u00e9quilibre entre la c\u00e9l\u00e9bration de festivit\u00e9s comme Halloween et la pr\u00e9servation de la sant\u00e9 des enfants. Encouragez une consommation mod\u00e9r\u00e9e de bonbons, l&rsquo;adoption d&rsquo;habitudes alimentaires saines et une bonne hygi\u00e8ne bucco-dentaire pour minimiser les effets n\u00e9fastes sur la sant\u00e9 des enfants.<\/p>\n","protected":false},"excerpt":{"rendered":"<p>L&rsquo;arriv\u00e9e d&rsquo;Halloween suscite une excitation contagieuse chez les enfants, car c&rsquo;est l&rsquo;occasion de se d\u00e9guiser, de partir \u00e0 la chasse aux bonbons et de s&rsquo;adonner \u00e0 des festivit\u00e9s ludiques. Cependant, tandis que les bonbons et les friandises abondent, il est essentiel de se rappeler que la surconsommation de ces sucreries peut avoir des r\u00e9percussions n\u00e9fastes [&hellip;]<\/p>\n","protected":false},"author":1,"featured_media":0,"parent":0,"menu_order":0,"comment_status":"closed","ping_status":"closed","template":"","meta":[],"yoast_head":"<!-- This site is optimized with the Yoast SEO plugin v19.5.1 - https:\/\/yoast.com\/wordpress\/plugins\/seo\/ -->\n<title>Mise en garde: les bonbons d&#039;Halloween - Dre Kayla Pitre, chiropraticienne - Centre chiropratique de la sant\u00e9 vert\u00e9brale<\/title>\n<meta name=\"robots\" content=\"index, follow, max-snippet:-1, max-image-preview:large, max-video-preview:-1\" \/>\n<link rel=\"canonical\" href=\"https:\/\/kpitrechiro.com\/index.php\/mise-en-garde-les-bonbons-dhalloween\/\" \/>\n<meta property=\"og:locale\" content=\"fr_FR\" \/>\n<meta property=\"og:type\" content=\"article\" \/>\n<meta property=\"og:title\" content=\"Mise en garde: les bonbons d&#039;Halloween - Dre Kayla Pitre, chiropraticienne - Centre chiropratique de la sant\u00e9 vert\u00e9brale\" \/>\n<meta property=\"og:description\" content=\"L&rsquo;arriv\u00e9e d&rsquo;Halloween suscite une excitation contagieuse chez les enfants, car c&rsquo;est l&rsquo;occasion de se d\u00e9guiser, de partir \u00e0 la chasse aux bonbons et de s&rsquo;adonner \u00e0 des festivit\u00e9s ludiques. Cependant, tandis que les bonbons et les friandises abondent, il est essentiel de se rappeler que la surconsommation de ces sucreries peut avoir des r\u00e9percussions n\u00e9fastes [&hellip;]\" \/>\n<meta property=\"og:url\" content=\"https:\/\/kpitrechiro.com\/index.php\/mise-en-garde-les-bonbons-dhalloween\/\" \/>\n<meta property=\"og:site_name\" content=\"Dre Kayla Pitre, chiropraticienne - Centre chiropratique de la sant\u00e9 vert\u00e9brale\" \/>\n<meta property=\"article:modified_time\" content=\"2023-10-19T16:29:00+00:00\" \/>\n<meta name=\"twitter:card\" content=\"summary_large_image\" \/>\n<meta name=\"twitter:label1\" content=\"Dur\u00e9e de lecture estim\u00e9e\" \/>\n\t<meta name=\"twitter:data1\" content=\"3 minutes\" \/>\n<script type=\"application\/ld+json\" class=\"yoast-schema-graph\">{\"@context\":\"https:\/\/schema.org\",\"@graph\":[{\"@type\":\"WebPage\",\"@id\":\"https:\/\/kpitrechiro.com\/index.php\/mise-en-garde-les-bonbons-dhalloween\/\",\"url\":\"https:\/\/kpitrechiro.com\/index.php\/mise-en-garde-les-bonbons-dhalloween\/\",\"name\":\"Mise en garde: les bonbons d'Halloween - Dre Kayla Pitre, chiropraticienne - Centre chiropratique de la sant\u00e9 vert\u00e9brale\",\"isPartOf\":{\"@id\":\"https:\/\/kpitrechiro.com\/#website\"},\"datePublished\":\"2023-10-19T16:28:59+00:00\",\"dateModified\":\"2023-10-19T16:29:00+00:00\",\"breadcrumb\":{\"@id\":\"https:\/\/kpitrechiro.com\/index.php\/mise-en-garde-les-bonbons-dhalloween\/#breadcrumb\"},\"inLanguage\":\"fr-FR\",\"potentialAction\":[{\"@type\":\"ReadAction\",\"target\":[\"https:\/\/kpitrechiro.com\/index.php\/mise-en-garde-les-bonbons-dhalloween\/\"]}]},{\"@type\":\"BreadcrumbList\",\"@id\":\"https:\/\/kpitrechiro.com\/index.php\/mise-en-garde-les-bonbons-dhalloween\/#breadcrumb\",\"itemListElement\":[{\"@type\":\"ListItem\",\"position\":1,\"name\":\"Accueil\",\"item\":\"https:\/\/kpitrechiro.com\/\"},{\"@type\":\"ListItem\",\"position\":2,\"name\":\"Mise en garde: les bonbons d&rsquo;Halloween\"}]},{\"@type\":\"WebSite\",\"@id\":\"https:\/\/kpitrechiro.com\/#website\",\"url\":\"https:\/\/kpitrechiro.com\/\",\"name\":\"Dre Kayla Pitre, chiropraticienne - Centre chiropratique de la sant\u00e9 vert\u00e9brale\",\"description\":\"Soyez la meilleure version de vous-m\u00eame !\",\"publisher\":{\"@id\":\"https:\/\/kpitrechiro.com\/#organization\"},\"potentialAction\":[{\"@type\":\"SearchAction\",\"target\":{\"@type\":\"EntryPoint\",\"urlTemplate\":\"https:\/\/kpitrechiro.com\/?s={search_term_string}\"},\"query-input\":\"required name=search_term_string\"}],\"inLanguage\":\"fr-FR\"},{\"@type\":\"Organization\",\"@id\":\"https:\/\/kpitrechiro.com\/#organization\",\"name\":\"Dre Kayla Pitre, chiropraticienne - Centre chiropratique de la sant\u00e9 vert\u00e9brale\",\"url\":\"https:\/\/kpitrechiro.com\/\",\"sameAs\":[],\"logo\":{\"@type\":\"ImageObject\",\"inLanguage\":\"fr-FR\",\"@id\":\"https:\/\/kpitrechiro.com\/#\/schema\/logo\/image\/\",\"url\":\"https:\/\/kpitrechiro.com\/wp-content\/uploads\/2020\/11\/cropped-LOGO-paint-fond-PNG-2.png\",\"contentUrl\":\"https:\/\/kpitrechiro.com\/wp-content\/uploads\/2020\/11\/cropped-LOGO-paint-fond-PNG-2.png\",\"width\":712,\"height\":606,\"caption\":\"Dre Kayla Pitre, chiropraticienne - Centre chiropratique de la sant\u00e9 vert\u00e9brale\"},\"image\":{\"@id\":\"https:\/\/kpitrechiro.com\/#\/schema\/logo\/image\/\"}}]}<\/script>\n<!-- \/ Yoast SEO plugin. -->","yoast_head_json":{"title":"Mise en garde: les bonbons d'Halloween - Dre Kayla Pitre, chiropraticienne - Centre chiropratique de la sant\u00e9 vert\u00e9brale","robots":{"index":"index","follow":"follow","max-snippet":"max-snippet:-1","max-image-preview":"max-image-preview:large","max-video-preview":"max-video-preview:-1"},"canonical":"https:\/\/kpitrechiro.com\/index.php\/mise-en-garde-les-bonbons-dhalloween\/","og_locale":"fr_FR","og_type":"article","og_title":"Mise en garde: les bonbons d'Halloween - Dre Kayla Pitre, chiropraticienne - Centre chiropratique de la sant\u00e9 vert\u00e9brale","og_description":"L&rsquo;arriv\u00e9e d&rsquo;Halloween suscite une excitation contagieuse chez les enfants, car c&rsquo;est l&rsquo;occasion de se d\u00e9guiser, de partir \u00e0 la chasse aux bonbons et de s&rsquo;adonner \u00e0 des festivit\u00e9s ludiques. Cependant, tandis que les bonbons et les friandises abondent, il est essentiel de se rappeler que la surconsommation de ces sucreries peut avoir des r\u00e9percussions n\u00e9fastes [&hellip;]","og_url":"https:\/\/kpitrechiro.com\/index.php\/mise-en-garde-les-bonbons-dhalloween\/","og_site_name":"Dre Kayla Pitre, chiropraticienne - Centre chiropratique de la sant\u00e9 vert\u00e9brale","article_modified_time":"2023-10-19T16:29:00+00:00","twitter_card":"summary_large_image","twitter_misc":{"Dur\u00e9e de lecture estim\u00e9e":"3 minutes"},"schema":{"@context":"https:\/\/schema.org","@graph":[{"@type":"WebPage","@id":"https:\/\/kpitrechiro.com\/index.php\/mise-en-garde-les-bonbons-dhalloween\/","url":"https:\/\/kpitrechiro.com\/index.php\/mise-en-garde-les-bonbons-dhalloween\/","name":"Mise en garde: les bonbons d'Halloween - Dre Kayla Pitre, chiropraticienne - Centre chiropratique de la sant\u00e9 vert\u00e9brale","isPartOf":{"@id":"https:\/\/kpitrechiro.com\/#website"},"datePublished":"2023-10-19T16:28:59+00:00","dateModified":"2023-10-19T16:29:00+00:00","breadcrumb":{"@id":"https:\/\/kpitrechiro.com\/index.php\/mise-en-garde-les-bonbons-dhalloween\/#breadcrumb"},"inLanguage":"fr-FR","potentialAction":[{"@type":"ReadAction","target":["https:\/\/kpitrechiro.com\/index.php\/mise-en-garde-les-bonbons-dhalloween\/"]}]},{"@type":"BreadcrumbList","@id":"https:\/\/kpitrechiro.com\/index.php\/mise-en-garde-les-bonbons-dhalloween\/#breadcrumb","itemListElement":[{"@type":"ListItem","position":1,"name":"Accueil","item":"https:\/\/kpitrechiro.com\/"},{"@type":"ListItem","position":2,"name":"Mise en garde: les bonbons d&rsquo;Halloween"}]},{"@type":"WebSite","@id":"https:\/\/kpitrechiro.com\/#website","url":"https:\/\/kpitrechiro.com\/","name":"Dre Kayla Pitre, chiropraticienne - Centre chiropratique de la sant\u00e9 vert\u00e9brale","description":"Soyez la meilleure version de vous-m\u00eame !","publisher":{"@id":"https:\/\/kpitrechiro.com\/#organization"},"potentialAction":[{"@type":"SearchAction","target":{"@type":"EntryPoint","urlTemplate":"https:\/\/kpitrechiro.com\/?s={search_term_string}"},"query-input":"required name=search_term_string"}],"inLanguage":"fr-FR"},{"@type":"Organization","@id":"https:\/\/kpitrechiro.com\/#organization","name":"Dre Kayla Pitre, chiropraticienne - Centre chiropratique de la sant\u00e9 vert\u00e9brale","url":"https:\/\/kpitrechiro.com\/","sameAs":[],"logo":{"@type":"ImageObject","inLanguage":"fr-FR","@id":"https:\/\/kpitrechiro.com\/#\/schema\/logo\/image\/","url":"https:\/\/kpitrechiro.com\/wp-content\/uploads\/2020\/11\/cropped-LOGO-paint-fond-PNG-2.png","contentUrl":"https:\/\/kpitrechiro.com\/wp-content\/uploads\/2020\/11\/cropped-LOGO-paint-fond-PNG-2.png","width":712,"height":606,"caption":"Dre Kayla Pitre, chiropraticienne - Centre chiropratique de la sant\u00e9 vert\u00e9brale"},"image":{"@id":"https:\/\/kpitrechiro.com\/#\/schema\/logo\/image\/"}}]}},"_links":{"self":[{"href":"https:\/\/kpitrechiro.com\/index.php\/wp-json\/wp\/v2\/pages\/1004"}],"collection":[{"href":"https:\/\/kpitrechiro.com\/index.php\/wp-json\/wp\/v2\/pages"}],"about":[{"href":"https:\/\/kpitrechiro.com\/index.php\/wp-json\/wp\/v2\/types\/page"}],"author":[{"embeddable":true,"href":"https:\/\/kpitrechiro.com\/index.php\/wp-json\/wp\/v2\/users\/1"}],"replies":[{"embeddable":true,"href":"https:\/\/kpitrechiro.com\/index.php\/wp-json\/wp\/v2\/comments?post=1004"}],"version-history":[{"count":1,"href":"https:\/\/kpitrechiro.com\/index.php\/wp-json\/wp\/v2\/pages\/1004\/revisions"}],"predecessor-version":[{"id":1005,"href":"https:\/\/kpitrechiro.com\/index.php\/wp-json\/wp\/v2\/pages\/1004\/revisions\/1005"}],"wp:attachment":[{"href":"https:\/\/kpitrechiro.com\/index.php\/wp-json\/wp\/v2\/media?parent=1004"}],"curies":[{"name":"wp","href":"https:\/\/api.w.org\/{rel}","templated":true}]}}